{"id":1025,"date":"2016-01-15T11:32:58","date_gmt":"2016-01-15T11:32:58","guid":{"rendered":"http:\/\/www.jetztzeichensetzen.at\/?page_id=1025"},"modified":"2016-01-28T09:03:31","modified_gmt":"2016-01-28T09:03:31","slug":"gedenkveranstaltung-am-27-1-2016","status":"publish","type":"page","link":"http:\/\/www.jetztzeichensetzen.at\/?page_id=1025","title":{"rendered":"71 Jahre nach Kriegsende: Kein Wiedererstarken von Ideologien der Ungleichwertigkeit!"},"content":{"rendered":"<p>Im Jahr 2016 j\u00e4hrt sich die Befreiung der Konzentrations- und Vernichtungslager des NS-Regimes durch die Alliierten zum einundsiebzigsten Mal. Als breites zivilgesellschaftliches B\u00fcndnis \u201eJetzt Zeichen setzen\u201c wollen wir am Internationalen Tag des Gedenkens an die Opfer des Holocausts an die nationalsozialistischen Verbrechen erinnern.<\/p>\n<p>Am 27. J\u00e4nner 1945 wurde das Arbeits- und Vernichtungslager Auschwitz-Birkenau von der Roten Armee befreit. Die Befreiung erfolgte zu sp\u00e4t \u2013 viel zu sp\u00e4t. Bis dahin wurden in Auschwitz 1,1 Millionen Menschen von \u00f6sterreichischen und deutschen Nazis ermordet: mehr als 1 Million Menschen, die als J\u00fcdinnen und Juden verfolgt wurden, 21.000 Angeh\u00f6rige von Romagruppen, 15.000 sowjetische Kriegsgefangene und mehr als 80.000 aus politischen und anderen Gr\u00fcnden nach Auschwitz Deportierte. Stellvertretend f\u00fcr alle Orte des Holocausts wurde das Datum der Auschwitz-Befreiung von der UNO als Internationaler Tag des Gedenkens an die Opfer des Holocaust ausgerufen.<\/p>\n<p>Auch 71 Jahre nach der Befreiung tragen wir eine gesellschaftliche Verantwortung f\u00fcr das Geschehene und wollen daher am 27.01.2016 an die Opfer der nationalsozialistischen Verfolgungs- und Vernichtungspolitik denken, und an sie erinnern, damit so etwas nie wieder geschehen kann.<\/p>\n<p>Der Aufbau von funktionierenden demokratischen Strukturen in den Nachfolgestaaten des NS-Regimes, die Entwicklung selbstbestimmter und starker Zivilgesellschaften und das \u201e\u00dcberwinden\u201c von Ressentiments, Verachtung und Hass vermeintlich \u201eAnderen\u201c gegen\u00fcber dauert jedoch bis heute an. Demokratie, Respekt, garantierte Grund- und Menschenrechte sind nichts Selbstverst\u00e4ndliches, sondern m\u00fcssen von Gesellschaften immer wieder errungen und abgesichert werden, um an k\u00fcnftige Generationen weitergegeben werden zu k\u00f6nnen.<\/p>\n<p>Noch immer gibt es Antisemitismus und Rassismus in \u00d6sterreich, laut einer im Mai 2014 ver\u00f6ffentlichten Umfrage der Anti-Defamation League (ADL) meinen 42% der \u00d6sterreicher_innen, Juden und J\u00fcdinnen h\u00e4tten zu viel Einfluss auf die internationalen Finanzm\u00e4rkte. 30% glauben, Juden und J\u00fcdinnen w\u00fcrden Zeitungen und die Medienwelt kontrollieren. Die antisemitischen Mythen sind nicht Geschichte, sie wirken noch immer. Dagegen m\u00fcssen wir uns mit aller Entschiedenheit stellen, Antisemitismus darf nicht toleriert werden, denn wir wissen, wohin er bereits gef\u00fchrt hat. Die Studie der ADL f\u00fchrt uns deutlich vor Augen, dass Ausgrenzung, Verfolgung und Bedrohung von Juden und J\u00fcdinnen in diesem Europa nicht der Vergangenheit angeh\u00f6ren.<\/p>\n<p>Es gibt keinen Grund, sich in Sicherheit zu wiegen und zu glauben, dass sich Ausgrenzung, Antisemitismus, Rassismus, Hass und Menschenhatz nicht wiederholen k\u00f6nnen. Es liegt in unserer Verantwortung, gegen Antisemitismus, Rassismus, Ausgrenzung, rechte Hetze, Nationalismus und religi\u00f6sen Fundamentalismus aufzutreten.<\/p>\n<p>Der Internationale Gedenktag an die Opfer des Holocausts am 27. J\u00e4nner ist unter anderem ein Zeichen dieser kollektiven Verantwortung, indem wir uns erinnern und dadurch Lehren f\u00fcr die Zukunft ziehen, sodass sich diese Verbrechen, die Millionen von Menschen das Leben gekostet haben, nicht wiederholen. Wir wollen Verantwortung daf\u00fcr \u00fcbernehmen, dass wir die Lehren aus dem Holocaust verwirklichen und wir unverbr\u00fcchlich f\u00fcr Demokratie, Menschenw\u00fcrde sowie f\u00fcr Grund- und Menschenrechte einstehen.<br \/>\nWir fordern, dass dieser Tag auch in \u00d6sterreich als offizieller Gedenktag deklariert wird.<\/p>\n<p>Gesellschaften sind vielf\u00e4ltig. Demokratie braucht Demokrat_innen, braucht Menschen, die diese gestalten und sich in ihr engagieren. Seit der Befreiung der Konzentrationslager vor 71 Jahren haben sich \u00dcberlebende aller verfolgten Gruppen selbst, ihre Nachkommen, Widerstandsk\u00e4mpfer_innen, Nachbar_innen und Kolleg_innen f\u00fcr ein demokratisches \u00d6sterreich und Europa engagiert.<br \/>\nDieses Engagement wollen wir bei der Gedenkveranstaltung am 27. J\u00e4nner 2016 in den Mittelpunkt stellen.<\/p>\n<p><strong>Moderation:<\/strong> Katharina Stemberger<\/p>\n<p><strong>Geb\u00e4rdendolmetsch:<\/strong> Sabine Zeller<\/p>\n<p><strong>RednerInnen:<\/strong><br \/>\nSusanne Bock, Zeitzeugin<br \/>\nLaura Schoch, Bundesjungendvertretung<br \/>\nRaimund Fastenbauer, Israelitische Kultusgemeinde<br \/>\nAndreas Mailath-Pokorny, Kulturstadtrat Wien<br \/>\nMaria Vassilakou, Vizeb\u00fcrgermeisterin Wien<\/p>\n<p><strong>Musikalische Begleitung:<\/strong><br \/> J\u00fcdischer Chor Wien<\/p>\n<p><strong>Am 27. J\u00e4nner 2016 setzen wir gemeinsam ein Zeichen gegen Antisemitismus, Rassismus, Menschenhass und Ausgrenzung. Wir \u00fcbernehmen Verantwortung f\u00fcr die Vergangenheit, die Gegenwart und die Zukunft. Wir sind laut, wenn Menschen ausgegrenzt, wenn Schwache ihrer Menschenrechte beraubt, wenn Menschen instrumentalisiert werden.<\/p>\n<p>Wir laden alle herzlich ein, gemeinsam ein Zeichen zu setzen. Am Dienstag, dem 27. J\u00e4nner 2016, um 17.00 Uhr am Heldenplatz beim Weiheraum des \u00e4u\u00dferen Burgtors in 1010 Wien.<\/strong><\/p>\n<p><strong><a title=\"Unterst\u00fctzerInnen f\u00fcr den 27. J\u00e4nner 2016\" href=\"http:\/\/www.jetztzeichensetzen.at\/?page_id=1117\" target=\"_blank\">Unterst\u00fctzerInnen f\u00fcr den 27. J\u00e4nner 2016<\/a><\/strong><\/p>\n<p><strong><a href=\"http:\/\/www.ots.at\/presseaussendung\/OTS_20160126_OTS0117\/am-27-jaenner-ist-internationaler-holocaust-gedenktag\" target=\"_blank\">Presseaussendung zum 27. J\u00e4nner 2016<\/a><\/strong><\/p>\n","protected":false},"excerpt":{"rendered":"<p>Im Jahr 2016 j\u00e4hrt sich die Befreiung der Konzentrations- und Vernichtungslager des NS-Regimes durch die Alliierten zum einundsiebzigsten Mal. Als breites zivilgesellschaftliches B\u00fcndnis \u201eJetzt Zeichen setzen\u201c wollen wir am Internationalen Tag des Gedenkens an die Opfer des Holocausts an die nationalsozialistischen Verbrechen erinnern. Am 27. J\u00e4nner 1945 wurde das Arbeits- und Vernichtungslager Auschwitz-Birkenau von der [\u2026]<\/p>\n","protected":false},"author":1,"featured_media":0,"parent":0,"menu_order":0,"comment_status":"closed","ping_status":"closed","template":"","meta":[],"_links":{"self":[{"href":"http:\/\/www.jetztzeichensetzen.at\/index.php?rest_route=\/wp\/v2\/pages\/1025"}],"collection":[{"href":"http:\/\/www.jetztzeichensetzen.at\/index.php?rest_route=\/wp\/v2\/pages"}],"about":[{"href":"http:\/\/www.jetztzeichensetzen.at\/index.php?rest_route=\/wp\/v2\/types\/page"}],"author":[{"embeddable":true,"href":"http:\/\/www.jetztzeichensetzen.at\/index.php?rest_route=\/wp\/v2\/users\/1"}],"replies":[{"embeddable":true,"href":"http:\/\/www.jetztzeichensetzen.at\/index.php?rest_route=%2Fwp%2Fv2%2Fcomments&post=1025"}],"version-history":[{"count":18,"href":"http:\/\/www.jetztzeichensetzen.at\/index.php?rest_route=\/wp\/v2\/pages\/1025\/revisions"}],"predecessor-version":[{"id":1167,"href":"http:\/\/www.jetztzeichensetzen.at\/index.php?rest_route=\/wp\/v2\/pages\/1025\/revisions\/1167"}],"wp:attachment":[{"href":"http:\/\/www.jetztzeichensetzen.at\/index.php?rest_route=%2Fwp%2Fv2%2Fmedia&parent=1025"}],"curies":[{"name":"wp","href":"https:\/\/api.w.org\/{rel}","templated":true}]}}

<p>Im Jahr 2016 jährt sich die Befreiung der Konzentrations- und Vernichtungslager des NS-Regimes durch die Alliierten zum einundsiebzigsten Mal. Als breites zivilgesellschaftliches Bündnis „Jetzt Zeichen setzen“ wollen wir am Internationalen Tag des Gedenkens an die Opfer des Holocausts an die nationalsozialistischen Verbrechen erinnern.</p>
<p>Am 27. Jänner 1945 wurde das Arbeits- und Vernichtungslager Auschwitz-Birkenau von der Roten Armee befreit. Die Befreiung erfolgte zu spät – viel zu spät. Bis dahin wurden in Auschwitz 1,1 Millionen Menschen von österreichischen und deutschen Nazis ermordet: mehr als 1 Million Menschen, die als Jüdinnen und Juden verfolgt wurden, 21.000 Angehörige von Romagruppen, 15.000 sowjetische Kriegsgefangene und mehr als 80.000 aus politischen und anderen Gründen nach Auschwitz Deportierte. Stellvertretend für alle Orte des Holocausts wurde das Datum der Auschwitz-Befreiung von der UNO als Internationaler Tag des Gedenkens an die Opfer des Holocaust ausgerufen.</p>
<p>Auch 71 Jahre nach der Befreiung tragen wir eine gesellschaftliche Verantwortung für das Geschehene und wollen daher am 27.01.2016 an die Opfer der nationalsozialistischen Verfolgungs- und Vernichtungspolitik denken, und an sie erinnern, damit so etwas nie wieder geschehen kann.</p>
<p>Der Aufbau von funktionierenden demokratischen Strukturen in den Nachfolgestaaten des NS-Regimes, die Entwicklung selbstbestimmter und starker Zivilgesellschaften und das „Überwinden“ von Ressentiments, Verachtung und Hass vermeintlich „Anderen“ gegenüber dauert jedoch bis heute an. Demokratie, Respekt, garantierte Grund- und Menschenrechte sind nichts Selbstverständliches, sondern müssen von Gesellschaften immer wieder errungen und abgesichert werden, um an künftige Generationen weitergegeben werden zu können.</p>
<p>Noch immer gibt es Antisemitismus und Rassismus in Österreich, laut einer im Mai 2014 veröffentlichten Umfrage der Anti-Defamation League (ADL) meinen 42% der Österreicher_innen, Juden und Jüdinnen hätten zu viel Einfluss auf die internationalen Finanzmärkte. 30% glauben, Juden und Jüdinnen würden Zeitungen und die Medienwelt kontrollieren. Die antisemitischen Mythen sind nicht Geschichte, sie wirken noch immer. Dagegen müssen wir uns mit aller Entschiedenheit stellen, Antisemitismus darf nicht toleriert werden, denn wir wissen, wohin er bereits geführt hat. Die Studie der ADL führt uns deutlich vor Augen, dass Ausgrenzung, Verfolgung und Bedrohung von Juden und Jüdinnen in diesem Europa nicht der Vergangenheit angehören.</p>
<p>Es gibt keinen Grund, sich in Sicherheit zu wiegen und zu glauben, dass sich Ausgrenzung, Antisemitismus, Rassismus, Hass und Menschenhatz nicht wiederholen können. Es liegt in unserer Verantwortung, gegen Antisemitismus, Rassismus, Ausgrenzung, rechte Hetze, Nationalismus und religiösen Fundamentalismus aufzutreten.</p>
<p>Der Internationale Gedenktag an die Opfer des Holocausts am 27. Jänner ist unter anderem ein Zeichen dieser kollektiven Verantwortung, indem wir uns erinnern und dadurch Lehren für die Zukunft ziehen, sodass sich diese Verbrechen, die Millionen von Menschen das Leben gekostet haben, nicht wiederholen. Wir wollen Verantwortung dafür übernehmen, dass wir die Lehren aus dem Holocaust verwirklichen und wir unverbrüchlich für Demokratie, Menschenwürde sowie für Grund- und Menschenrechte einstehen.<br />
Wir fordern, dass dieser Tag auch in Österreich als offizieller Gedenktag deklariert wird.</p>
<p>Gesellschaften sind vielfältig. Demokratie braucht Demokrat_innen, braucht Menschen, die diese gestalten und sich in ihr engagieren. Seit der Befreiung der Konzentrationslager vor 71 Jahren haben sich Überlebende aller verfolgten Gruppen selbst, ihre Nachkommen, Widerstandskämpfer_innen, Nachbar_innen und Kolleg_innen für ein demokratisches Österreich und Europa engagiert.<br />
Dieses Engagement wollen wir bei der Gedenkveranstaltung am 27. Jänner 2016 in den Mittelpunkt stellen.</p>
<p><strong>Moderation:</strong> Katharina Stemberger</p>
<p><strong>Gebärdendolmetsch:</strong> Sabine Zeller</p>
<p><strong>RednerInnen:</strong><br />
Susanne Bock, Zeitzeugin<br />
Laura Schoch, Bundesjungendvertretung<br />
Raimund Fastenbauer, Israelitische Kultusgemeinde<br />
Andreas Mailath-Pokorny, Kulturstadtrat Wien<br />
Maria Vassilakou, Vizebürgermeisterin Wien</p>
<p><strong>Musikalische Begleitung:</strong><br /> Jüdischer Chor Wien</p>
<p><strong>Am 27. Jänner 2016 setzen wir gemeinsam ein Zeichen gegen Antisemitismus, Rassismus, Menschenhass und Ausgrenzung. Wir übernehmen Verantwortung für die Vergangenheit, die Gegenwart und die Zukunft. Wir sind laut, wenn Menschen ausgegrenzt, wenn Schwache ihrer Menschenrechte beraubt, wenn Menschen instrumentalisiert werden.</p>
<p>Wir laden alle herzlich ein, gemeinsam ein Zeichen zu setzen. Am Dienstag, dem 27. Jänner 2016, um 17.00 Uhr am Heldenplatz beim Weiheraum des äußeren Burgtors in 1010 Wien.</strong></p>
<p><strong><a title="UnterstützerInnen für den 27. Jänner 2016" href="http://www.jetztzeichensetzen.at/?page_id=1117" target="_blank">UnterstützerInnen für den 27. Jänner 2016</a></strong></p>
<p><strong><a href="http://www.ots.at/presseaussendung/OTS_20160126_OTS0117/am-27-jaenner-ist-internationaler-holocaust-gedenktag" target="_blank">Presseaussendung zum 27. Jänner 2016</a></strong></p>

<p>Im Jahr 2016 jährt sich die Befreiung der Konzentrations- und Vernichtungslager des NS-Regimes durch die Alliierten zum einundsiebzigsten Mal. Als breites zivilgesellschaftliches Bündnis „Jetzt Zeichen setzen“ wollen wir am Internationalen Tag des Gedenkens an die Opfer des Holocausts an die nationalsozialistischen Verbrechen erinnern. Am 27. Jänner 1945 wurde das Arbeits- und Vernichtungslager Auschwitz-Birkenau von der […]</p>
