{"id":1092,"date":"2016-01-15T13:48:13","date_gmt":"2016-01-15T13:48:13","guid":{"rendered":"http:\/\/www.jetztzeichensetzen.at\/?page_id=1092"},"modified":"2016-01-23T10:07:16","modified_gmt":"2016-01-23T10:07:16","slug":"countdown-of-shame","status":"publish","type":"page","link":"http:\/\/www.jetztzeichensetzen.at\/?page_id=1092","title":{"rendered":"Countdown of Shame"},"content":{"rendered":"<p><strong>Jetzt Zeichen setzen: \u201eErkl\u00e4ren Sie sich, Herr Gudenus!&#8220;<br \/>\nHerbe Kritik und Fotoaktion anl\u00e4sslich der Angelobung von Johann Gudenus als Wiener Vizeb\u00fcrgermeister<\/strong><\/p>\n<p>Das B\u00fcndnis \u201eJetzt Zeichen setzen\u201c beendete mit einer Fotoaktion vor dem Gemeinderats- und Landtagssaal des Wiener Rathauses ihren Countdown of Shame anl\u00e4sslich der morgigen Angelobung von Johann Gudenus als Wiener Vizeb\u00fcrgermeister.<br \/>\n\u201eUnser Protest wird aber auch nach der Angelobung weiter gehen &#8211; ein Vizeb\u00fcrgermeister Gudenus ist untragbar\u201c, so das B\u00fcndnis. Von &#8222;Kn\u00fcppel aus dem Sack&#8220; bis zur Forderung nach &#8222;einem Bekenntnis, dass Europa wei\u00df ist&#8220; &#8211; die Spannweite der von Rassismus, Hetze und Gewaltfantasien getragenen Zitate des designierten Wiener Vizeb\u00fcrgermeisters Johann Gudenus ist gro\u00df.<br \/>\n<br \/>&#8222;Herr Gudenus, erkl\u00e4ren Sie, wie Sie f\u00fcr alle Wienerinnen und Wiener dieses Amt bei solchen Aussagen f\u00fchren wollen&#8220;, so das B\u00fcndnis abschlie\u00dfend.<\/p>\n<p><a title=\"Pressemeldung\" href=\"http:\/\/www.ots.at\/presseaussendung\/OTS_20151123_OTS0002\/jetzt-zeichen-setzen-erklaeren-sie-sich-herr-gudenus\" target=\"_blank\">Pressemeldung<\/a><\/p>\n<p>R\u00fcckfragen &#038; Kontakt:<\/p>\n<p>Christa Bauer<br \/>\nTel: +43 \/ (0)1 \/ 212 83 33<\/p>\n<div id=\"attachment_1153\" style=\"width: 310px\" class=\"wp-caption alignnone\"><img aria-describedby=\"caption-attachment-1153\" loading=\"lazy\" src=\"http:\/\/www.jetztzeichensetzen.at\/wp-content\/uploads\/2016\/01\/countdownofshame-300x225.jpg\" alt=\"\u00a9 Jetzt Zeichen Setzen\" width=\"300\" height=\"225\" class=\"size-medium wp-image-1153\" srcset=\"http:\/\/www.jetztzeichensetzen.at\/wp-content\/uploads\/2016\/01\/countdownofshame-300x225.jpg 300w, http:\/\/www.jetztzeichensetzen.at\/wp-content\/uploads\/2016\/01\/countdownofshame-500x375.jpg 500w, http:\/\/www.jetztzeichensetzen.at\/wp-content\/uploads\/2016\/01\/countdownofshame.jpg 960w\" sizes=\"(max-width: 300px) 100vw, 300px\" \/><p id=\"caption-attachment-1153\" class=\"wp-caption-text\">\u00a9 Jetzt Zeichen Setzen<\/p><\/div>\n","protected":false},"excerpt":{"rendered":"<p>Jetzt Zeichen setzen: \u201eErkl\u00e4ren Sie sich, Herr Gudenus!\u201c Herbe Kritik und Fotoaktion anl\u00e4sslich der Angelobung von Johann Gudenus als Wiener Vizeb\u00fcrgermeister Das B\u00fcndnis \u201eJetzt Zeichen setzen\u201c beendete mit einer Fotoaktion vor dem Gemeinderats- und Landtagssaal des Wiener Rathauses ihren Countdown of Shame anl\u00e4sslich der morgigen Angelobung von Johann Gudenus als Wiener Vizeb\u00fcrgermeister. \u201eUnser Protest wird [\u2026]<\/p>\n","protected":false},"author":1,"featured_media":0,"parent":0,"menu_order":0,"comment_status":"closed","ping_status":"closed","template":"","meta":[],"_links":{"self":[{"href":"http:\/\/www.jetztzeichensetzen.at\/index.php?rest_route=\/wp\/v2\/pages\/1092"}],"collection":[{"href":"http:\/\/www.jetztzeichensetzen.at\/index.php?rest_route=\/wp\/v2\/pages"}],"about":[{"href":"http:\/\/www.jetztzeichensetzen.at\/index.php?rest_route=\/wp\/v2\/types\/page"}],"author":[{"embeddable":true,"href":"http:\/\/www.jetztzeichensetzen.at\/index.php?rest_route=\/wp\/v2\/users\/1"}],"replies":[{"embeddable":true,"href":"http:\/\/www.jetztzeichensetzen.at\/index.php?rest_route=%2Fwp%2Fv2%2Fcomments&post=1092"}],"version-history":[{"count":8,"href":"http:\/\/www.jetztzeichensetzen.at\/index.php?rest_route=\/wp\/v2\/pages\/1092\/revisions"}],"predecessor-version":[{"id":1154,"href":"http:\/\/www.jetztzeichensetzen.at\/index.php?rest_route=\/wp\/v2\/pages\/1092\/revisions\/1154"}],"wp:attachment":[{"href":"http:\/\/www.jetztzeichensetzen.at\/index.php?rest_route=%2Fwp%2Fv2%2Fmedia&parent=1092"}],"curies":[{"name":"wp","href":"https:\/\/api.w.org\/{rel}","templated":true}]}}

<p><strong>Jetzt Zeichen setzen: „Erklären Sie sich, Herr Gudenus!&#8220;<br />
Herbe Kritik und Fotoaktion anlässlich der Angelobung von Johann Gudenus als Wiener Vizebürgermeister</strong></p>
<p>Das Bündnis „Jetzt Zeichen setzen“ beendete mit einer Fotoaktion vor dem Gemeinderats- und Landtagssaal des Wiener Rathauses ihren Countdown of Shame anlässlich der morgigen Angelobung von Johann Gudenus als Wiener Vizebürgermeister.<br />
„Unser Protest wird aber auch nach der Angelobung weiter gehen &#8211; ein Vizebürgermeister Gudenus ist untragbar“, so das Bündnis. Von &#8222;Knüppel aus dem Sack&#8220; bis zur Forderung nach &#8222;einem Bekenntnis, dass Europa weiß ist&#8220; &#8211; die Spannweite der von Rassismus, Hetze und Gewaltfantasien getragenen Zitate des designierten Wiener Vizebürgermeisters Johann Gudenus ist groß.<br />
<br />&#8222;Herr Gudenus, erklären Sie, wie Sie für alle Wienerinnen und Wiener dieses Amt bei solchen Aussagen führen wollen&#8220;, so das Bündnis abschließend.</p>
<p><a title="Pressemeldung" href="http://www.ots.at/presseaussendung/OTS_20151123_OTS0002/jetzt-zeichen-setzen-erklaeren-sie-sich-herr-gudenus" target="_blank">Pressemeldung</a></p>
<p>Rückfragen &#038; Kontakt:</p>
<p>Christa Bauer<br />
Tel: +43 / (0)1 / 212 83 33</p>
<div id="attachment_1153" style="width: 310px" class="wp-caption alignnone"><img aria-describedby="caption-attachment-1153" loading="lazy" src="http://www.jetztzeichensetzen.at/wp-content/uploads/2016/01/countdownofshame-300x225.jpg" alt="© Jetzt Zeichen Setzen" width="300" height="225" class="size-medium wp-image-1153" srcset="http://www.jetztzeichensetzen.at/wp-content/uploads/2016/01/countdownofshame-300x225.jpg 300w, http://www.jetztzeichensetzen.at/wp-content/uploads/2016/01/countdownofshame-500x375.jpg 500w, http://www.jetztzeichensetzen.at/wp-content/uploads/2016/01/countdownofshame.jpg 960w" sizes="(max-width: 300px) 100vw, 300px" /><p id="caption-attachment-1153" class="wp-caption-text">© Jetzt Zeichen Setzen</p></div>

<p>Jetzt Zeichen setzen: „Erklären Sie sich, Herr Gudenus!“ Herbe Kritik und Fotoaktion anlässlich der Angelobung von Johann Gudenus als Wiener Vizebürgermeister Das Bündnis „Jetzt Zeichen setzen“ beendete mit einer Fotoaktion vor dem Gemeinderats- und Landtagssaal des Wiener Rathauses ihren Countdown of Shame anlässlich der morgigen Angelobung von Johann Gudenus als Wiener Vizebürgermeister. „Unser Protest wird […]</p>
