{"id":1190,"date":"2017-01-03T13:50:11","date_gmt":"2017-01-03T13:50:11","guid":{"rendered":"http:\/\/www.jetztzeichensetzen.at\/?page_id=1190"},"modified":"2017-01-10T17:10:36","modified_gmt":"2017-01-10T17:10:36","slug":"aktion-am-3-2-2017","status":"publish","type":"page","link":"http:\/\/www.jetztzeichensetzen.at\/?page_id=1190","title":{"rendered":"Buntgebung &#038; Tanz am 3.2.2017"},"content":{"rendered":"<p><strong>BUNTGEBUNG &#038; TANZ F\u00dcR VIELFALT, WELTOFFENHEIT &#038; MENSCHLICHKEIT<\/strong><br \/>\nKeine Normalisierung des Rechtsextremismus!<\/p>\n<p>JETZT ZEICHEN SETZEN am <strong>3. Februar 2017, 16:00 Uhr, Ballhausplatz<\/strong><\/p>\n<p>Das Jahr 2016 hat gezeigt, wie rechtsextreme und rechtspopulistische Parteien durch das Sch\u00fcren von Hass und Hetze weltweit W\u00e4hler_innenstimmen gewinnen konnten. Krieg und daraus entstandenen Not und der Zwang von Menschen zur Flucht bieten ihnen einen Vorwand, um unter den Menschen Hass statt Mitgef\u00fchl und ein \u201eWir\u201c gegen \u201edie Anderen\u201c anstatt eines Miteinander-Denkens zu forcieren. \u00d6sterreich hat bei den Bundespr\u00e4sidentenwahlen im Dezember 2016 jedoch ein Zeichen f\u00fcr Demokratie und Weltoffenheit gesetzt.<\/p>\n<p>Der \u201eAkademikerball\u201c zeigt wie weit das Erstarken der Rechte zur Normalit\u00e4t auch in \u00d6sterreich geworden ist: Die Republik \u00d6sterreich er\u00f6ffnet bereits seit vielen Jahren den Vertretern rechtsextremer M\u00e4nnerverbindungen die M\u00f6glichkeit, sich in den repr\u00e4sentativen R\u00e4umen der Republik zu treffen und sich dort mit Proponent_innen, der extremen Rechten aus Europa, wie u.a. der franz\u00f6sischen Pr\u00e4sidentschaftskandidatin Marine Le Pen, zu vernetzen.<\/p>\n<p>Der Ball der extremen Rechten wird dar\u00fcber hinaus offiziell von einer Partei veranstaltet, die in \u00d6sterreich den Regierungsanspruch stellt und die bereits in zwei Landtagen in Regierungskoalitionen vertreten ist. Die FP\u00d6 ist auf vielf\u00e4ltige Weise rechtsextrem durchsetzt und mit rechtsextremen Personen und Organisationen, die vom Verfassungsschutz als \u201ebesondere Gefahr\u201c eingestuft werden, verbunden. <\/p>\n<p>Umso wichtiger ist es, dass wir am 3. Februar, am Tag des \u201eAkademikerballs\u201c, ein friedliches Zeichen f\u00fcr Menschenrechte, Solidarit\u00e4t, Demokratie und die Bejahung von Vielfalt setzen. Tanzen wir um die zentralen Fundamente unserer Republik zu erhalten und weiter zu st\u00e4rken!<\/p>\n<p>Wir wollen ein Zeichen f\u00fcr ein menschliches, solidarisches, weltoffenes, buntes und durchmischtes \u00d6sterreich setzen, in dem Hetze gegen Gefl\u00fcchtete, gegen Migrant_innen, gegen J\u00fcdinnen und Juden, gegen Muslim_innen und andere durch Herkunft, Hautfarbe, Religionszugeh\u00f6rigkeit, sexuelle Orientierung oder Geschlecht definierte Menschen keinen Platz hat. <\/p>\n<p>Daher l\u00e4dt das B\u00fcndnis JETZT ZEICHEN SETZEN am Freitag, den 3.2.2017 um 16.00 Uhr am Ballhausplatz zu einer bunten, schwungvollen Buntgebung unter dem Motto \u201eKeine Normalisierung des Rechtsextremismus!\u201c ein. Das musikalische Porgramm liefert <strong>Samba Attak<\/strong>!<\/p>\n<p>Wir fordern: Die R\u00e4ume der Republik sollen Veranstaltungen und Vernetzungsaktivit\u00e4ten der extremen Rechten keinen Platz mehr bieten! <\/p>\n<p>Bitte zur Buntgebung mitbringen: Bunte T\u00fccher oder Kleidung.<br \/>\nAlles, was bunt und nicht braun ist! <\/p>\n","protected":false},"excerpt":{"rendered":"<p>BUNTGEBUNG &amp; TANZ F\u00dcR VIELFALT, WELTOFFENHEIT &amp; MENSCHLICHKEIT Keine Normalisierung des Rechtsextremismus! JETZT ZEICHEN SETZEN am 3. Februar 2017, 16:00 Uhr, Ballhausplatz Das Jahr 2016 hat gezeigt, wie rechtsextreme und rechtspopulistische Parteien durch das Sch\u00fcren von Hass und Hetze weltweit W\u00e4hler_innenstimmen gewinnen konnten. Krieg und daraus entstandenen Not und der Zwang von Menschen zur Flucht [\u2026]<\/p>\n","protected":false},"author":1,"featured_media":0,"parent":0,"menu_order":0,"comment_status":"closed","ping_status":"closed","template":"","meta":[],"_links":{"self":[{"href":"http:\/\/www.jetztzeichensetzen.at\/index.php?rest_route=\/wp\/v2\/pages\/1190"}],"collection":[{"href":"http:\/\/www.jetztzeichensetzen.at\/index.php?rest_route=\/wp\/v2\/pages"}],"about":[{"href":"http:\/\/www.jetztzeichensetzen.at\/index.php?rest_route=\/wp\/v2\/types\/page"}],"author":[{"embeddable":true,"href":"http:\/\/www.jetztzeichensetzen.at\/index.php?rest_route=\/wp\/v2\/users\/1"}],"replies":[{"embeddable":true,"href":"http:\/\/www.jetztzeichensetzen.at\/index.php?rest_route=%2Fwp%2Fv2%2Fcomments&post=1190"}],"version-history":[{"count":5,"href":"http:\/\/www.jetztzeichensetzen.at\/index.php?rest_route=\/wp\/v2\/pages\/1190\/revisions"}],"predecessor-version":[{"id":1213,"href":"http:\/\/www.jetztzeichensetzen.at\/index.php?rest_route=\/wp\/v2\/pages\/1190\/revisions\/1213"}],"wp:attachment":[{"href":"http:\/\/www.jetztzeichensetzen.at\/index.php?rest_route=%2Fwp%2Fv2%2Fmedia&parent=1190"}],"curies":[{"name":"wp","href":"https:\/\/api.w.org\/{rel}","templated":true}]}}