{"id":1326,"date":"2021-01-20T07:19:41","date_gmt":"2021-01-20T07:19:41","guid":{"rendered":"http:\/\/www.jetztzeichensetzen.at\/?page_id=1326"},"modified":"2021-01-20T07:19:41","modified_gmt":"2021-01-20T07:19:41","slug":"niemals-vergessen-auf-zeitzeug_innen-hoeren-gedenkveranstaltung-am-27-januar-2021-um-18-00-uhr-am-heldenplatz","status":"publish","type":"page","link":"http:\/\/www.jetztzeichensetzen.at\/?page_id=1326","title":{"rendered":"Niemals vergessen: Auf Zeitzeug_innen h\u00f6ren! Gedenkveranstaltung am 27. Januar 2021 um 18.00 Uhr am Heldenplatz"},"content":{"rendered":"\n<p>In den vergangenen Jahren und\nJahrzehnten haben ihre Stimmen eine gro\u00dfe Rolle im Kampf gegen Antisemitismus\nund Rassismus gespielt. Ihre Mahnrufe haben insbesondere viele junge Menschen\nbewegt und viele von ihnen dazu angeregt, gegen Unrechtsideologien einzutreten.\nDoch die Stimmen der \u00dcberlebenden der Shoah werden von Jahr zu Jahr weniger. <\/p>\n\n\n\n<p>Umso wichtiger ist es, dass wir\nalles daf\u00fcr tun, damit ihre wichtigen Erz\u00e4hlungen und Warnungen wach bleiben! Deshalb\nstellen wir das 76. Gedenken an die Befreiung des Konzentrations- und\nVernichtungslagers Auschwitz-Birkenau durch die Rote Armee unter das Motto:\n\u201eAuf Zeitzeug_innen h\u00f6ren!\u201c <\/p>\n\n\n\n<p>Wir wollen am Gedenktag ein Zeichen\nsetzen, dass wir die Stimmen der Zeitzeug_innen niemals vergessen werden, auch\ndann nicht, wenn sie nicht mehr leben und selbst kein pers\u00f6nliches Zeugnis mehr\nablegen k\u00f6nnen!<\/p>\n\n\n\n<p>Daher werden am 27. J\u00e4nner 2021 am\nWiener Heldenplatz junge Menschen Zitate von noch lebenden und von bereits\nverstorbenen Zeitzeug_innen der Shoa verlesen und zum Zuh\u00f6ren und Verstehen\nauffordern.<\/p>\n\n\n\n<p>Gemeinsam halten wir eine Kundgebung coronabedingt heuer im kleinen Kreis f\u00fcr das Wachhalten der Erinnerung und f\u00fcr den unerm\u00fcdlichen Kampf gegen Antisemitismus und Rassismus ab! Die Veranstaltung wird live \u00fcbertragen und kann hier (auch sp\u00e4ter noch nach)gesehen werden: <a href=\"https:\/\/www.facebook.com\/jetztzeichensetzen\">https:\/\/www.facebook.com\/jetztzeichensetzen<\/a><\/p>\n","protected":false},"excerpt":{"rendered":"<p>In den vergangenen Jahren und Jahrzehnten haben ihre Stimmen eine gro\u00dfe Rolle im Kampf gegen Antisemitismus und Rassismus gespielt. Ihre Mahnrufe haben insbesondere viele junge Menschen bewegt und viele von ihnen dazu angeregt, gegen Unrechtsideologien einzutreten. Doch die Stimmen der \u00dcberlebenden der Shoah werden von Jahr zu Jahr weniger. Umso wichtiger ist es, dass wir [\u2026]<\/p>\n","protected":false},"author":1,"featured_media":0,"parent":0,"menu_order":0,"comment_status":"closed","ping_status":"closed","template":"","meta":[],"_links":{"self":[{"href":"http:\/\/www.jetztzeichensetzen.at\/index.php?rest_route=\/wp\/v2\/pages\/1326"}],"collection":[{"href":"http:\/\/www.jetztzeichensetzen.at\/index.php?rest_route=\/wp\/v2\/pages"}],"about":[{"href":"http:\/\/www.jetztzeichensetzen.at\/index.php?rest_route=\/wp\/v2\/types\/page"}],"author":[{"embeddable":true,"href":"http:\/\/www.jetztzeichensetzen.at\/index.php?rest_route=\/wp\/v2\/users\/1"}],"replies":[{"embeddable":true,"href":"http:\/\/www.jetztzeichensetzen.at\/index.php?rest_route=%2Fwp%2Fv2%2Fcomments&post=1326"}],"version-history":[{"count":1,"href":"http:\/\/www.jetztzeichensetzen.at\/index.php?rest_route=\/wp\/v2\/pages\/1326\/revisions"}],"predecessor-version":[{"id":1327,"href":"http:\/\/www.jetztzeichensetzen.at\/index.php?rest_route=\/wp\/v2\/pages\/1326\/revisions\/1327"}],"wp:attachment":[{"href":"http:\/\/www.jetztzeichensetzen.at\/index.php?rest_route=%2Fwp%2Fv2%2Fmedia&parent=1326"}],"curies":[{"name":"wp","href":"https:\/\/api.w.org\/{rel}","templated":true}]}}