{"id":275,"date":"2012-04-19T07:15:15","date_gmt":"2012-04-19T07:15:15","guid":{"rendered":"http:\/\/www.jetztzeichensetzen.at\/?page_id=275"},"modified":"2012-09-07T09:55:42","modified_gmt":"2012-09-07T09:55:42","slug":"selbstverstandnis","status":"publish","type":"page","link":"http:\/\/www.jetztzeichensetzen.at\/?page_id=275","title":{"rendered":"Selbstverst\u00e4ndnis"},"content":{"rendered":"<p><strong>Gedenk- und Aktionswoche gegen Rassismus, Antisemitismus und Rechtsextremismus, 20.-27. J\u00e4nner 2012.<\/strong><\/p>\n<p>jetztzeichensetzen macht sich f\u00fcr die Erinnerung an die Opfer des Nationalsozialismus, gegen rassistisches, antisemitisches und sexistisches Gedankengut, gegen rechte Hetze und gegen Diskriminierung und Gewalt stark.<\/p>\n<p>jetztzeichensetzen begeht den 27. J\u00e4nner 2012, als Tag der Befreiung des Konzentrations- und Vernichtungslagers Auschwitz und will die \u00d6ffentlichkeit auf diesen wichtigen Tag aufmerksam machen. Dieser Tag ist weltweit von der UNO ausgerufener internationaler Holocaust-Gedenktag.<\/p>\n<p>jetztzeichsetzen will die politischen Hintergr\u00fcnde, die u.a. Auschwitz erm\u00f6glichten, einer breiten \u00d6ffentlichkeit zug\u00e4nglich machen und dazu beizutragen, dass sich etwas Derartiges oder \u00c4hnliches niemals wiederholt.<\/p>\n<p>jetztzeichensetzen tritt dabei entschieden gegen den Ball des Wiener Korporationsringes, der an eben diesem 27. J\u00e4nner in der Wiener Hofbug stattfinden soll, auf. Der WKR Ball ist f\u00fcr jetzzeichensetzen Symbol daf\u00fcr, dass nach wie vor rechtsextremes Gedankengut wie auch rechtsextreme Vernetzung in der Mitte der Gesellschaft akzeptiert sind.<\/p>\n<p>jetztzeichensetzen sieht sich als eine Vernetzungsplattform von Organisationen und Gruppen aus der Zivilgesellschaft und politischen Parteien. Wer im Rahmen der Gedenkwoche Veranstaltungen organisieren oder auf andere Weise zum Gedenktag oder der Kundgebung gegen den WKR Ball beitragen wollen, ist eingeladen, den Aufruftext zu unterzeichnen.<\/p>\n","protected":false},"excerpt":{"rendered":"<p>Gedenk- und Aktionswoche gegen Rassismus, Antisemitismus und Rechtsextremismus, 20.-27. J\u00e4nner 2012. jetztzeichensetzen macht sich f\u00fcr die Erinnerung an die Opfer des Nationalsozialismus, gegen rassistisches, antisemitisches und sexistisches Gedankengut, gegen rechte Hetze und gegen Diskriminierung und Gewalt stark. jetztzeichensetzen begeht den 27. J\u00e4nner 2012, als Tag der Befreiung des Konzentrations- und Vernichtungslagers Auschwitz und will die [\u2026]<\/p>\n","protected":false},"author":1,"featured_media":0,"parent":222,"menu_order":0,"comment_status":"closed","ping_status":"closed","template":"","meta":[],"_links":{"self":[{"href":"http:\/\/www.jetztzeichensetzen.at\/index.php?rest_route=\/wp\/v2\/pages\/275"}],"collection":[{"href":"http:\/\/www.jetztzeichensetzen.at\/index.php?rest_route=\/wp\/v2\/pages"}],"about":[{"href":"http:\/\/www.jetztzeichensetzen.at\/index.php?rest_route=\/wp\/v2\/types\/page"}],"author":[{"embeddable":true,"href":"http:\/\/www.jetztzeichensetzen.at\/index.php?rest_route=\/wp\/v2\/users\/1"}],"replies":[{"embeddable":true,"href":"http:\/\/www.jetztzeichensetzen.at\/index.php?rest_route=%2Fwp%2Fv2%2Fcomments&post=275"}],"version-history":[{"count":8,"href":"http:\/\/www.jetztzeichensetzen.at\/index.php?rest_route=\/wp\/v2\/pages\/275\/revisions"}],"predecessor-version":[{"id":410,"href":"http:\/\/www.jetztzeichensetzen.at\/index.php?rest_route=\/wp\/v2\/pages\/275\/revisions\/410"}],"up":[{"embeddable":true,"href":"http:\/\/www.jetztzeichensetzen.at\/index.php?rest_route=\/wp\/v2\/pages\/222"}],"wp:attachment":[{"href":"http:\/\/www.jetztzeichensetzen.at\/index.php?rest_route=%2Fwp%2Fv2%2Fmedia&parent=275"}],"curies":[{"name":"wp","href":"https:\/\/api.w.org\/{rel}","templated":true}]}}