{"id":283,"date":"2012-04-19T07:15:35","date_gmt":"2012-04-19T07:15:35","guid":{"rendered":"http:\/\/www.jetztzeichensetzen.at\/?page_id=283"},"modified":"2012-09-07T09:56:06","modified_gmt":"2012-09-07T09:56:06","slug":"unterstutzende-organisationen","status":"publish","type":"page","link":"http:\/\/www.jetztzeichensetzen.at\/?page_id=283","title":{"rendered":"Unterst\u00fctzende Organisationen"},"content":{"rendered":"<p><strong>Gedenk- und Aktionswoche gegen Rassismus, Antisemitismus und Rechtsextremismus, 20.-27. J\u00e4nner 2012.<\/strong><\/p>\n<p>AKS + Aktion gegen den Antisemitismus in \u00d6sterreich + ASK\u00d6 Wien + Asyl in Not + AUGE-UG + backlab + Bundesverband <\/p>\n<p>\u00f6sterreichischer AntifaschistInnen, Widerstandsk\u00e4mpferInnen und Opfer des Faschismus (KZ-Verband &#8211; VdA) + Bund j\u00fcdischer <\/p>\n<p>Verfolgter des Naziregimes und Aktivisten gegen Antisemitismus + Bund sozialdemokratischer AkademikerInnen, Intellektueller <\/p>\n<p>und K\u00fcnstlerInnen (BSA) + Bund Sozialdemokratischer Freiheitsk\u00e4mpfer\/innen, Opfer des Faschismus und aktiver <\/p>\n<p>Antifaschist\/inn\/en + Bund sozialdemokratischer Juden &#8211; Avodah + Die Gr\u00fcnen + Die Gr\u00fcnen Frauen Wien + Die Gr\u00fcnen N\u00d6 + Die <\/p>\n<p>Gr\u00fcnen Wien + Evangelische Jugend Wien + Evangelische Kirche in \u00d6sterreich A. und H.B. (Kirchenleitung) + European Civic <\/p>\n<p>Education Foundation + Evangelisch-Theologische Fakult\u00e4t der Universit\u00e4t Wien + Forum gegen Antisemitismus + Freinetgruppe <\/p>\n<p>Wien + FSG Jugend + FSG Wien + GAJ Gr\u00fcn-Alternative Jugend + GLB &#8211; Gewerkschaftlicher Linksblock im \u00d6GB + GPA-djp Jugend + <\/p>\n<p>GPlus Initiative Gr\u00fcner SeniorInnen + GRAS-Gr\u00fcne &#038; Alternative StudentInnen + Grazer Autorinnen Autorenversammlung + Gr\u00fcner <\/p>\n<p>Landtagsklub N\u00d6 + Hashomer Hatzair + HEMAYAT &#8211; Betreuungszentrum f\u00fcr Folter- und Kriegs\u00fcberlebende + IG Autorinnen Autoren + <\/p>\n<p>IKG-Israelitische Kultusgemeinde + ILM\u00d6 &#8211; Initiative liberaler Muslime + Initiative Rassismusfreie Zonen Wien-Leopoldstadt + <\/p>\n<p>IM\u00d6 &#8211; Initiative Muslimischer \u00d6sterreicher-innen + Integrationshaus + JG in der SP\u00d6 + Katholische Aktion \u00d6sterreich + <\/p>\n<p>Katholische Jugend \u00d6sterreich + Katholisch-Theologische Fakult\u00e4t der Universit\u00e4t Wien + Koordinierungsausschuss f\u00fcr <\/p>\n<p>Christlich-J\u00fcdische Zusammenarbeit + KP\u00d6 + Kulturverein \u00d6sterreichischer Roma und Sinti + Lagergemeinschaft Auschwitz zum <\/p>\n<p>Gedenken + Lagergemeinschaft Ravensbr\u00fcck &#038; FreundInnen + Mauthausen Komitee \u00d6sterreich + Misrachi \u00d6sterreich + MoRaH &#8211; Austria <\/p>\n<p>+ O\u00d6. Netzwerk gegen Rassismus und Rechtsextremismus + \u00d6GB + \u00d6GJ &#8211; \u00d6sterreichische Gewerkschaftsjugend + \u00d6LG + \u00d6sterreichische <\/p>\n<p>Hochsch\u00fclerInnenschaft + \u00d6sterreichische KZ-Vereinigung Buchenwald + \u00d6sterreichische Liga f\u00fcr Menschenrechte + <\/p>\n<p>\u00d6sterreichischer P.E.N.-Club + PAX Christi \u00d6sterreich + Pfadfinder und Pfadfinderinnen \u00d6sterreichs + Radio Widerhall + <\/p>\n<p>Rassismusfreies Transdanubien + Republikanischer Club-Neues \u00d6sterreich + Resistance for Peace + SJ\u00d6 + SJ\u00d6-Wien + SOHO + SOS <\/p>\n<p>Menschenrechte Ober\u00f6sterreich + SOS Mitmensch + SP\u00d6 + SP\u00d6 Frauen + SP\u00d6-Wien + SP\u00d6 Wiener Bildung + UKI &#8211; Unterst\u00fctzungskomitee <\/p>\n<p>zur Integration von MigrantInnen + Verein Fibel + Verein GEDENKDIENST + VSSt\u00d6 + ZARA-Zivilcourage und Anti-Rassismus-Arbeit + <\/p>\n<p>ZPCLoge der Bnai Brith<\/p>\n","protected":false},"excerpt":{"rendered":"<p>Gedenk- und Aktionswoche gegen Rassismus, Antisemitismus und Rechtsextremismus, 20.-27. J\u00e4nner 2012. AKS + Aktion gegen den Antisemitismus in \u00d6sterreich + ASK\u00d6 Wien + Asyl in Not + AUGE-UG + backlab + Bundesverband \u00f6sterreichischer AntifaschistInnen, Widerstandsk\u00e4mpferInnen und Opfer des Faschismus (KZ-Verband \u2013 VdA) + Bund j\u00fcdischer Verfolgter des Naziregimes und Aktivisten gegen Antisemitismus + Bund sozialdemokratischer [\u2026]<\/p>\n","protected":false},"author":1,"featured_media":0,"parent":222,"menu_order":0,"comment_status":"closed","ping_status":"closed","template":"","meta":[],"_links":{"self":[{"href":"http:\/\/www.jetztzeichensetzen.at\/index.php?rest_route=\/wp\/v2\/pages\/283"}],"collection":[{"href":"http:\/\/www.jetztzeichensetzen.at\/index.php?rest_route=\/wp\/v2\/pages"}],"about":[{"href":"http:\/\/www.jetztzeichensetzen.at\/index.php?rest_route=\/wp\/v2\/types\/page"}],"author":[{"embeddable":true,"href":"http:\/\/www.jetztzeichensetzen.at\/index.php?rest_route=\/wp\/v2\/users\/1"}],"replies":[{"embeddable":true,"href":"http:\/\/www.jetztzeichensetzen.at\/index.php?rest_route=%2Fwp%2Fv2%2Fcomments&post=283"}],"version-history":[{"count":7,"href":"http:\/\/www.jetztzeichensetzen.at\/index.php?rest_route=\/wp\/v2\/pages\/283\/revisions"}],"predecessor-version":[{"id":411,"href":"http:\/\/www.jetztzeichensetzen.at\/index.php?rest_route=\/wp\/v2\/pages\/283\/revisions\/411"}],"up":[{"embeddable":true,"href":"http:\/\/www.jetztzeichensetzen.at\/index.php?rest_route=\/wp\/v2\/pages\/222"}],"wp:attachment":[{"href":"http:\/\/www.jetztzeichensetzen.at\/index.php?rest_route=%2Fwp%2Fv2%2Fmedia&parent=283"}],"curies":[{"name":"wp","href":"https:\/\/api.w.org\/{rel}","templated":true}]}}