{"id":330,"date":"2012-05-02T07:27:52","date_gmt":"2012-05-02T07:27:52","guid":{"rendered":"http:\/\/www.jetztzeichensetzen.at\/?page_id=330"},"modified":"2012-09-07T09:59:45","modified_gmt":"2012-09-07T09:59:45","slug":"presse","status":"publish","type":"page","link":"http:\/\/www.jetztzeichensetzen.at\/?page_id=330","title":{"rendered":"Pressestatements"},"content":{"rendered":"<p><strong>Tag der Befreiung, 8. Mail 2012<\/strong><\/p>\n<p><strong>Pressekonferenz am 2. Mai zur Kundgebung &#8222;8. Mai &#8211; Tag der Befreiung&#8220;<\/strong><br \/>\nThema: 8. Mai &#8211; Tag der Befreiung &#8211; Kapitulation der deutschen Wehrmacht. Kundgebung am Heldenplatz.<\/p>\n<p><strong>Statements der PressekonferenzteilnehmerInnen:<\/strong><\/p>\n<p><strong>Raimund Fastenbauer, Generalsekret\u00e4r, Israelitische Kultusgemeinde:<\/strong><\/p>\n<blockquote><p>Die Nazikapitulation am 8. Mai sollte f\u00fcr das ganze demokratische \u00d6sterreich Grund zur Genugtuung sein. Wir danken den Befreiern, sie waren auf unserer Seite. Die \u201ePflichterf\u00fcller\u201c waren auf der falschen Seite. Sie erm\u00f6glichten das Morden. Zwischen deutscher Wehrmacht und \u00f6sterreichischen Bundesheer darf es keine Kontinuit\u00e4t geben. Das mu\u00df sich auch in der Krypta beim Burgtor niederschlagen. Nie mehr Trauer \u00fcber die Naziniederlage am Heldenplatz, von nun an wird dort am 8. Mai gefeiert!<\/p><\/blockquote>\n<p><\/p>\n<p><strong>Willi Mernyi, Vorsitzender, Mauthausen Komitee \u00d6sterreich:<\/strong><\/p>\n<blockquote><p>Im Mai 1945 wurden die Mordanstalten Mauthausen, Gusen, Ebensee und viele andere von Alliierten befreit. Es war der Sieg der Menschlichkeit \u00fcber die Barbarei. Wer der Niederlage nachtrauert, betrauert auch die Befreiung zigtausender KZ \u00dcberlebender.<\/p><\/blockquote>\n<p><\/p>\n<p><strong>Heidemarie Uhl, Historikerin:<\/strong><\/p>\n<blockquote><p>\u201eDer 8. Mai war ein Tag der Befreiung\u201c, erkl\u00e4rte der deutsche Bundespr\u00e4sident Richard von Weizs\u00e4cker 1985. Das offizielle \u00d6sterreich hat eine klare Stellungnahme bislang vermieden. Die Kundgebung ist der erste Schritt einer Integration \u00d6sterreichs in den europ\u00e4ischen Erinnerungskonsens: Erstmals wird der 8. Mai in Wien breit als Tag der Befreiung vom nationalsozialistischen Unrechtsregime begangen.<\/p><\/blockquote>\n<p><\/p>\n<p><strong>Richard Wadani, Ehrenvorsitzender des Personenkomitees Gerechtigkeit f\u00fcr die Opfer der NS-Wehrmachtsjustiz:<\/strong><\/p>\n<blockquote><p>Wer den 8. Mai als Niederlage betrauert, unterstreicht seine positive Einstellung zu Hitlerdeutschland und bekennt sich zu der gro\u00dfen L\u00fcge von der Pflichterf\u00fcllung f\u00fcr die Heimat. Es ist besch\u00e4mend, dass Angeh\u00f6rige der SS und Waffen-SS, die vom N\u00fcrnberger Kriegsverbrechertribunal verurteilt wurden, vom offiziellen \u00d6sterreich nach wie vor geehrt werden. Jene aber, die nicht bereit waren f\u00fcr Hitlerdeutschland und somit gegen die Befreiung \u00d6sterreichs zu k\u00e4mpfen, jahrzehntelang diskriminiert wurden ehrt man nicht. Daher ist es h\u00f6chst an der Zeit, dass die Opfer der NS-Milit\u00e4rjustiz ein Denkmal am Heldenplatz bekommen. Wer den Widerstand gegen Hitlerdeutschland und die Deserteure angreift, greift \u00d6sterreich an.<\/p><\/blockquote>\n<p><\/p>\n<p><strong>Janine Wulz, Vorsitzende der \u00d6sterreichischen Hochsch\u00fclerInnenschaft:<\/strong><\/p>\n<blockquote><p>Wenn sich jede Woche Burschenschafter an der Uni Wien versammeln, wenn am 8. Mai Deutschnationale am Heldenplatz trauern &#8211; wird klar, dass Antisemitismus, v\u00f6lkische Ideologie und Antiziganismus noch immer pr\u00e4sent sind &#8211; in der Mitte der Gesellschaft. Feiern wir den 8. Mai nicht nur &#8211; nehmen wir ihn zum Anlass, um daf\u00fcr zu k\u00e4mpfen, dass menschenverachtende Ideologien in dieser Gesellschaft keinen Raum mehr bekommen.<\/p><\/blockquote>\n<p><\/p>\n<p><strong>R\u00fcckfragehinweis:<\/strong><br \/>\nNikolaus Kunrath<br \/>\n0664\/5000 799<\/p>\n","protected":false},"excerpt":{"rendered":"<p>Tag der Befreiung, 8. Mail 2012 Pressekonferenz am 2. Mai zur Kundgebung \u201e8. Mai \u2013 Tag der Befreiung\u201c Thema: 8. Mai \u2013 Tag der Befreiung \u2013 Kapitulation der deutschen Wehrmacht. Kundgebung am Heldenplatz. Statements der PressekonferenzteilnehmerInnen: Raimund Fastenbauer, Generalsekret\u00e4r, Israelitische Kultusgemeinde: Die Nazikapitulation am 8. Mai sollte f\u00fcr das ganze demokratische \u00d6sterreich Grund zur Genugtuung [\u2026]<\/p>\n","protected":false},"author":1,"featured_media":0,"parent":222,"menu_order":0,"comment_status":"closed","ping_status":"closed","template":"","meta":[],"_links":{"self":[{"href":"http:\/\/www.jetztzeichensetzen.at\/index.php?rest_route=\/wp\/v2\/pages\/330"}],"collection":[{"href":"http:\/\/www.jetztzeichensetzen.at\/index.php?rest_route=\/wp\/v2\/pages"}],"about":[{"href":"http:\/\/www.jetztzeichensetzen.at\/index.php?rest_route=\/wp\/v2\/types\/page"}],"author":[{"embeddable":true,"href":"http:\/\/www.jetztzeichensetzen.at\/index.php?rest_route=\/wp\/v2\/users\/1"}],"replies":[{"embeddable":true,"href":"http:\/\/www.jetztzeichensetzen.at\/index.php?rest_route=%2Fwp%2Fv2%2Fcomments&post=330"}],"version-history":[{"count":12,"href":"http:\/\/www.jetztzeichensetzen.at\/index.php?rest_route=\/wp\/v2\/pages\/330\/revisions"}],"predecessor-version":[{"id":417,"href":"http:\/\/www.jetztzeichensetzen.at\/index.php?rest_route=\/wp\/v2\/pages\/330\/revisions\/417"}],"up":[{"embeddable":true,"href":"http:\/\/www.jetztzeichensetzen.at\/index.php?rest_route=\/wp\/v2\/pages\/222"}],"wp:attachment":[{"href":"http:\/\/www.jetztzeichensetzen.at\/index.php?rest_route=%2Fwp%2Fv2%2Fmedia&parent=330"}],"curies":[{"name":"wp","href":"https:\/\/api.w.org\/{rel}","templated":true}]}}

<p><strong>Tag der Befreiung, 8. Mail 2012</strong></p>
<p><strong>Pressekonferenz am 2. Mai zur Kundgebung &#8222;8. Mai &#8211; Tag der Befreiung&#8220;</strong><br />
Thema: 8. Mai &#8211; Tag der Befreiung &#8211; Kapitulation der deutschen Wehrmacht. Kundgebung am Heldenplatz.</p>
<p><strong>Statements der PressekonferenzteilnehmerInnen:</strong></p>
<p><strong>Raimund Fastenbauer, Generalsekretär, Israelitische Kultusgemeinde:</strong></p>
<blockquote><p>Die Nazikapitulation am 8. Mai sollte für das ganze demokratische Österreich Grund zur Genugtuung sein. Wir danken den Befreiern, sie waren auf unserer Seite. Die „Pflichterfüller“ waren auf der falschen Seite. Sie ermöglichten das Morden. Zwischen deutscher Wehrmacht und österreichischen Bundesheer darf es keine Kontinuität geben. Das muß sich auch in der Krypta beim Burgtor niederschlagen. Nie mehr Trauer über die Naziniederlage am Heldenplatz, von nun an wird dort am 8. Mai gefeiert!</p></blockquote>
<p></p>
<p><strong>Willi Mernyi, Vorsitzender, Mauthausen Komitee Österreich:</strong></p>
<blockquote><p>Im Mai 1945 wurden die Mordanstalten Mauthausen, Gusen, Ebensee und viele andere von Alliierten befreit. Es war der Sieg der Menschlichkeit über die Barbarei. Wer der Niederlage nachtrauert, betrauert auch die Befreiung zigtausender KZ Überlebender.</p></blockquote>
<p></p>
<p><strong>Heidemarie Uhl, Historikerin:</strong></p>
<blockquote><p>„Der 8. Mai war ein Tag der Befreiung“, erklärte der deutsche Bundespräsident Richard von Weizsäcker 1985. Das offizielle Österreich hat eine klare Stellungnahme bislang vermieden. Die Kundgebung ist der erste Schritt einer Integration Österreichs in den europäischen Erinnerungskonsens: Erstmals wird der 8. Mai in Wien breit als Tag der Befreiung vom nationalsozialistischen Unrechtsregime begangen.</p></blockquote>
<p></p>
<p><strong>Richard Wadani, Ehrenvorsitzender des Personenkomitees Gerechtigkeit für die Opfer der NS-Wehrmachtsjustiz:</strong></p>
<blockquote><p>Wer den 8. Mai als Niederlage betrauert, unterstreicht seine positive Einstellung zu Hitlerdeutschland und bekennt sich zu der großen Lüge von der Pflichterfüllung für die Heimat. Es ist beschämend, dass Angehörige der SS und Waffen-SS, die vom Nürnberger Kriegsverbrechertribunal verurteilt wurden, vom offiziellen Österreich nach wie vor geehrt werden. Jene aber, die nicht bereit waren für Hitlerdeutschland und somit gegen die Befreiung Österreichs zu kämpfen, jahrzehntelang diskriminiert wurden ehrt man nicht. Daher ist es höchst an der Zeit, dass die Opfer der NS-Militärjustiz ein Denkmal am Heldenplatz bekommen. Wer den Widerstand gegen Hitlerdeutschland und die Deserteure angreift, greift Österreich an.</p></blockquote>
<p></p>
<p><strong>Janine Wulz, Vorsitzende der Österreichischen HochschülerInnenschaft:</strong></p>
<blockquote><p>Wenn sich jede Woche Burschenschafter an der Uni Wien versammeln, wenn am 8. Mai Deutschnationale am Heldenplatz trauern &#8211; wird klar, dass Antisemitismus, völkische Ideologie und Antiziganismus noch immer präsent sind &#8211; in der Mitte der Gesellschaft. Feiern wir den 8. Mai nicht nur &#8211; nehmen wir ihn zum Anlass, um dafür zu kämpfen, dass menschenverachtende Ideologien in dieser Gesellschaft keinen Raum mehr bekommen.</p></blockquote>
<p></p>
<p><strong>Rückfragehinweis:</strong><br />
Nikolaus Kunrath<br />
0664/5000 799</p>

<p>Tag der Befreiung, 8. Mail 2012 Pressekonferenz am 2. Mai zur Kundgebung „8. Mai – Tag der Befreiung“ Thema: 8. Mai – Tag der Befreiung – Kapitulation der deutschen Wehrmacht. Kundgebung am Heldenplatz. Statements der PressekonferenzteilnehmerInnen: Raimund Fastenbauer, Generalsekretär, Israelitische Kultusgemeinde: Die Nazikapitulation am 8. Mai sollte für das ganze demokratische Österreich Grund zur Genugtuung […]</p>
