{"id":705,"date":"2013-12-30T11:53:47","date_gmt":"2013-12-30T11:53:47","guid":{"rendered":"http:\/\/www.jetztzeichensetzen.at\/?page_id=705"},"modified":"2014-05-31T19:06:17","modified_gmt":"2014-05-31T19:06:17","slug":"gedenkveranstaltung-27-janner-2014","status":"publish","type":"page","link":"http:\/\/www.jetztzeichensetzen.at\/?page_id=705","title":{"rendered":"Gedenkveranstaltung 27. J\u00e4nner 2014"},"content":{"rendered":"<p><strong>Jetzt Zeichen setzen! &#8211; Internationaler Holocaust-Gedenktag am 27. J\u00e4nner 2014<\/strong><\/p>\n<p>Am Montag, dem 27. J\u00e4nner 2014, j\u00e4hrt sich die Befreiung des NS-Konzentrations- und Vernichtungslagers Auschwitz-Birkenau durch die Rote Armee zum 69. Mal. Auschwitz ist gleichsam das Synonym des massenhaften und industriellen Ermordens von J\u00fcdInnen, Roma und Sinti, Homosexuellen, politisch Andersdenkenden wie SozialdemokratInnen, KommunistInnen, ChristInnen und vieler mehr durch das nationalsozialistische Unrechts-Regime. Auch nach 69 Jahren tragen wir eine gesellschaftliche Verantwortung f\u00fcr das Geschehene.<\/p>\n<p>Der Internationale Gedenktag an die Opfer des Holocausts am 27. J\u00e4nner ist einerseits ein Zeichen dieser kollektiven Verantwortung, indem wir uns erinnern und dadurch Lehren f\u00fcr die Zukunft ziehen. Damit sich das Verbrechen, das Millionen von Menschen das Leben gekostet hat, nicht wiederholt. Andererseits wollen wir Verantwortung daf\u00fcr \u00fcbernehmen, dass wir die Lehren aus dem Holocaust verwirklichen und wir unverbr\u00fcchlich f\u00fcr die Demokratie, den Rechtsstaat, die W\u00fcrde des Menschen sowie die Grund- und Menschenrechte einstehen.<\/p>\n<p>Es gibt keinen Grund, sich in Sicherheit zu wiegen und zu glauben, dass sich Ausgrenzung, Hass und Menschenhatz nicht wiederholen k\u00f6nnen. Der Antisemitismus-Bericht der europ\u00e4ischen Grundrechteagentur f\u00fchrt uns deutlich vor Augen, dass das Ausgrenzen, das Verfolgen und das Bedrohen von Juden und J\u00fcdinnen in diesem Europa nicht der Vergangenheit angeh\u00f6ren.<\/p>\n<p>Zwei Drittel der Befragten aus acht EU-Mitgliedsstaaten sehen Antisemitismus als Problem innerhalb der Union an, drei Viertel geben an, dass der Antisemitismus in den vergangenen f\u00fcnf Jahren zugenommen hat, 57% der Befragten haben im letzten Jahr die Leugnung oder Verharmlosung des Holocausts erlebt. Besonders drastisch ist die Situation f\u00fcr J\u00fcdInnen in unserem \u00f6stlichen Nachbarland Ungarn. Angriffe gegen J\u00fcdInnen ebenso wie gegen Roma und Sinti stehen auf der Tagesordnung. Antisemitismus und Antiziganismus werden sogar auf h\u00f6chster politischer Ebene geduldet und gerechtfertigt. Das nehmen wir nicht hin!<\/p>\n<p><strong>Am 27. J\u00e4nner 2014 setzen wir gemeinsam ein Zeichen gegen Rassismus, Menschenhass und Ausgrenzung. Wir \u00fcbernehmen Verantwortung f\u00fcr die Vergangenheit, die Gegenwart und die Zukunft. Wir sind laut, wenn Fremde ausgegrenzt, wenn Schwache ihrer Menschenrechte beraubt, wenn Menschen instrumentalisiert werden. <\/p>\n<p>Wir laden alle herzlich ein, diesen Aufruf weiter zu verteilen und gemeinsam ein Zeichen zu setzen. Am Montag, dem 27. J\u00e4nner 2014, um 17.00 Uhr am Heldenplatz beim Weiheraum des \u00e4u\u00dferen Burgtors in 1010 Wien.<\/strong><\/p>\n<p><strong>RednerInnen:<\/strong><\/br><\/p>\n<p>Miriam Auerbach, Zeitzeugin<br \/>\n<br \/>Rudolf Sark\u00f6zi, Kulturverein \u00f6sterreichischer Roma, \u00dcberlebender<br \/>\n<br \/>Andreas Mailath-Pokorny, Wiener Stadtrat f\u00fcr Kultur und Wissenschaft, BSA Vorsitzender, SP\u00d6<br \/>\n<br \/>Manfred Juraczka, nicht amtsf. Wiener Stadtrat, Landespateiobmann \u00d6VP Wien<br \/>\n<br \/>David Ellensohn, Klubobmann, Gr\u00fcne Wien<br \/>\n<br \/>Laura Schoch, Vorsitzende der Bundesjugendvertretung<br \/>\n<br \/>Oskar Deutsch, Pr\u00e4sident der Israelitischen Kultusgemeinde Wien<\/p>\n<p>Totengebet gesprochen von Paul Chaim EIsenberg, Oberrabbiner<br \/>\n<br \/>Begr\u00fc\u00dfung und Moderation: Katharina Stemberger<br \/>\n<br \/>Geb\u00e4rdendolmetscherin: Sabine Zeller<br \/>\n<br \/>Musikalische Begleitung: J\u00fcdischer Chor<br \/>\n<br \/>Hei\u00dfer Tee vom Samariterbund Wien <\/p>\n","protected":false},"excerpt":{"rendered":"<p>Jetzt Zeichen setzen! \u2013 Internationaler Holocaust-Gedenktag am 27. J\u00e4nner 2014 Am Montag, dem 27. J\u00e4nner 2014, j\u00e4hrt sich die Befreiung des NS-Konzentrations- und Vernichtungslagers Auschwitz-Birkenau durch die Rote Armee zum 69. Mal. Auschwitz ist gleichsam das Synonym des massenhaften und industriellen Ermordens von J\u00fcdInnen, Roma und Sinti, Homosexuellen, politisch Andersdenkenden wie SozialdemokratInnen, KommunistInnen, ChristInnen und [\u2026]<\/p>\n","protected":false},"author":1,"featured_media":0,"parent":597,"menu_order":4,"comment_status":"closed","ping_status":"closed","template":"","meta":[],"_links":{"self":[{"href":"http:\/\/www.jetztzeichensetzen.at\/index.php?rest_route=\/wp\/v2\/pages\/705"}],"collection":[{"href":"http:\/\/www.jetztzeichensetzen.at\/index.php?rest_route=\/wp\/v2\/pages"}],"about":[{"href":"http:\/\/www.jetztzeichensetzen.at\/index.php?rest_route=\/wp\/v2\/types\/page"}],"author":[{"embeddable":true,"href":"http:\/\/www.jetztzeichensetzen.at\/index.php?rest_route=\/wp\/v2\/users\/1"}],"replies":[{"embeddable":true,"href":"http:\/\/www.jetztzeichensetzen.at\/index.php?rest_route=%2Fwp%2Fv2%2Fcomments&post=705"}],"version-history":[{"count":14,"href":"http:\/\/www.jetztzeichensetzen.at\/index.php?rest_route=\/wp\/v2\/pages\/705\/revisions"}],"predecessor-version":[{"id":885,"href":"http:\/\/www.jetztzeichensetzen.at\/index.php?rest_route=\/wp\/v2\/pages\/705\/revisions\/885"}],"up":[{"embeddable":true,"href":"http:\/\/www.jetztzeichensetzen.at\/index.php?rest_route=\/wp\/v2\/pages\/597"}],"wp:attachment":[{"href":"http:\/\/www.jetztzeichensetzen.at\/index.php?rest_route=%2Fwp%2Fv2%2Fmedia&parent=705"}],"curies":[{"name":"wp","href":"https:\/\/api.w.org\/{rel}","templated":true}]}}

Gedenkveranstaltung 27. Jänner 2014

<p><strong>Jetzt Zeichen setzen! &#8211; Internationaler Holocaust-Gedenktag am 27. Jänner 2014</strong></p>
<p>Am Montag, dem 27. Jänner 2014, jährt sich die Befreiung des NS-Konzentrations- und Vernichtungslagers Auschwitz-Birkenau durch die Rote Armee zum 69. Mal. Auschwitz ist gleichsam das Synonym des massenhaften und industriellen Ermordens von JüdInnen, Roma und Sinti, Homosexuellen, politisch Andersdenkenden wie SozialdemokratInnen, KommunistInnen, ChristInnen und vieler mehr durch das nationalsozialistische Unrechts-Regime. Auch nach 69 Jahren tragen wir eine gesellschaftliche Verantwortung für das Geschehene.</p>
<p>Der Internationale Gedenktag an die Opfer des Holocausts am 27. Jänner ist einerseits ein Zeichen dieser kollektiven Verantwortung, indem wir uns erinnern und dadurch Lehren für die Zukunft ziehen. Damit sich das Verbrechen, das Millionen von Menschen das Leben gekostet hat, nicht wiederholt. Andererseits wollen wir Verantwortung dafür übernehmen, dass wir die Lehren aus dem Holocaust verwirklichen und wir unverbrüchlich für die Demokratie, den Rechtsstaat, die Würde des Menschen sowie die Grund- und Menschenrechte einstehen.</p>
<p>Es gibt keinen Grund, sich in Sicherheit zu wiegen und zu glauben, dass sich Ausgrenzung, Hass und Menschenhatz nicht wiederholen können. Der Antisemitismus-Bericht der europäischen Grundrechteagentur führt uns deutlich vor Augen, dass das Ausgrenzen, das Verfolgen und das Bedrohen von Juden und Jüdinnen in diesem Europa nicht der Vergangenheit angehören.</p>
<p>Zwei Drittel der Befragten aus acht EU-Mitgliedsstaaten sehen Antisemitismus als Problem innerhalb der Union an, drei Viertel geben an, dass der Antisemitismus in den vergangenen fünf Jahren zugenommen hat, 57% der Befragten haben im letzten Jahr die Leugnung oder Verharmlosung des Holocausts erlebt. Besonders drastisch ist die Situation für JüdInnen in unserem östlichen Nachbarland Ungarn. Angriffe gegen JüdInnen ebenso wie gegen Roma und Sinti stehen auf der Tagesordnung. Antisemitismus und Antiziganismus werden sogar auf höchster politischer Ebene geduldet und gerechtfertigt. Das nehmen wir nicht hin!</p>
<p><strong>Am 27. Jänner 2014 setzen wir gemeinsam ein Zeichen gegen Rassismus, Menschenhass und Ausgrenzung. Wir übernehmen Verantwortung für die Vergangenheit, die Gegenwart und die Zukunft. Wir sind laut, wenn Fremde ausgegrenzt, wenn Schwache ihrer Menschenrechte beraubt, wenn Menschen instrumentalisiert werden. </p>
<p>Wir laden alle herzlich ein, diesen Aufruf weiter zu verteilen und gemeinsam ein Zeichen zu setzen. Am Montag, dem 27. Jänner 2014, um 17.00 Uhr am Heldenplatz beim Weiheraum des äußeren Burgtors in 1010 Wien.</strong></p>
<p><strong>RednerInnen:</strong></br></p>
<p>Miriam Auerbach, Zeitzeugin<br />
<br />Rudolf Sarközi, Kulturverein österreichischer Roma, Überlebender<br />
<br />Andreas Mailath-Pokorny, Wiener Stadtrat für Kultur und Wissenschaft, BSA Vorsitzender, SPÖ<br />
<br />Manfred Juraczka, nicht amtsf. Wiener Stadtrat, Landespateiobmann ÖVP Wien<br />
<br />David Ellensohn, Klubobmann, Grüne Wien<br />
<br />Laura Schoch, Vorsitzende der Bundesjugendvertretung<br />
<br />Oskar Deutsch, Präsident der Israelitischen Kultusgemeinde Wien</p>
<p>Totengebet gesprochen von Paul Chaim EIsenberg, Oberrabbiner<br />
<br />Begrüßung und Moderation: Katharina Stemberger<br />
<br />Gebärdendolmetscherin: Sabine Zeller<br />
<br />Musikalische Begleitung: Jüdischer Chor<br />
<br />Heißer Tee vom Samariterbund Wien </p>

<p>Jetzt Zeichen setzen! – Internationaler Holocaust-Gedenktag am 27. Jänner 2014 Am Montag, dem 27. Jänner 2014, jährt sich die Befreiung des NS-Konzentrations- und Vernichtungslagers Auschwitz-Birkenau durch die Rote Armee zum 69. Mal. Auschwitz ist gleichsam das Synonym des massenhaften und industriellen Ermordens von JüdInnen, Roma und Sinti, Homosexuellen, politisch Andersdenkenden wie SozialdemokratInnen, KommunistInnen, ChristInnen und […]</p>
