{"id":806,"date":"2014-01-15T14:39:42","date_gmt":"2014-01-15T14:39:42","guid":{"rendered":"http:\/\/www.jetztzeichensetzen.at\/?page_id=806"},"modified":"2014-01-27T11:20:36","modified_gmt":"2014-01-27T11:20:36","slug":"unterstutzerinnen-fur-den-24-janner-2014","status":"publish","type":"page","link":"http:\/\/www.jetztzeichensetzen.at\/?page_id=806","title":{"rendered":"Unterst\u00fctzerInnen f\u00fcr den 24. J\u00e4nner 2014"},"content":{"rendered":"<p><strong>Unterst\u00fctzerInnen f\u00fcr die Kundgebung am 24. J\u00e4nner 2014<br \/>\n<\/strong><\/p>\n<p> Asyl in Not + Bund Sozialdemokratischer Freiheitsk\u00e4mpfer\/innen, Opfer des Faschismus und aktiver Antifaschist\/inn\/en + Die Gr\u00fcnen + Die Gr\u00fcnen Frauen + Die Gr\u00fcnen Wien + Gesellschaft f\u00fcr politische Aufkl\u00e4rung + Initiative Liberaler Muslime \u00d6sterreich &#8211; ILM\u00d6 + Kommunistische Partei \u00d6sterreich &#8211; KP\u00d6 + Mauthausen Komitee \u00d6sterreich + \u00d6sterreichische Hochsch\u00fclerInnenschaft &#8211; \u00d6H Bundesvertretung + \u00d6sterreichische Lagergemeinschaft Ravensbr\u00fcck und FreundInnen + Republikanischer Club &#8211; Neues \u00d6sterreich + SJ\u00d6 + SJ\u00d6-Wien + SOS Mitmensch + UKI Unterst\u00fctzungskomitee zur Integration von MigrantInnen + Verein GEDENKDIENST + VSST\u00d6 + Wiener KZ-Verband<\/p>\n","protected":false},"excerpt":{"rendered":"<p>Unterst\u00fctzerInnen f\u00fcr die Kundgebung am 24. J\u00e4nner 2014 Asyl in Not + Bund Sozialdemokratischer Freiheitsk\u00e4mpfer\/innen, Opfer des Faschismus und aktiver Antifaschist\/inn\/en + Die Gr\u00fcnen + Die Gr\u00fcnen Frauen + Die Gr\u00fcnen Wien + Gesellschaft f\u00fcr politische Aufkl\u00e4rung + Initiative Liberaler Muslime \u00d6sterreich \u2013 ILM\u00d6 + Kommunistische Partei \u00d6sterreich \u2013 KP\u00d6 + Mauthausen Komitee \u00d6sterreich + [\u2026]<\/p>\n","protected":false},"author":1,"featured_media":0,"parent":0,"menu_order":0,"comment_status":"closed","ping_status":"closed","template":"","meta":[],"_links":{"self":[{"href":"http:\/\/www.jetztzeichensetzen.at\/index.php?rest_route=\/wp\/v2\/pages\/806"}],"collection":[{"href":"http:\/\/www.jetztzeichensetzen.at\/index.php?rest_route=\/wp\/v2\/pages"}],"about":[{"href":"http:\/\/www.jetztzeichensetzen.at\/index.php?rest_route=\/wp\/v2\/types\/page"}],"author":[{"embeddable":true,"href":"http:\/\/www.jetztzeichensetzen.at\/index.php?rest_route=\/wp\/v2\/users\/1"}],"replies":[{"embeddable":true,"href":"http:\/\/www.jetztzeichensetzen.at\/index.php?rest_route=%2Fwp%2Fv2%2Fcomments&post=806"}],"version-history":[{"count":11,"href":"http:\/\/www.jetztzeichensetzen.at\/index.php?rest_route=\/wp\/v2\/pages\/806\/revisions"}],"predecessor-version":[{"id":863,"href":"http:\/\/www.jetztzeichensetzen.at\/index.php?rest_route=\/wp\/v2\/pages\/806\/revisions\/863"}],"wp:attachment":[{"href":"http:\/\/www.jetztzeichensetzen.at\/index.php?rest_route=%2Fwp%2Fv2%2Fmedia&parent=806"}],"curies":[{"name":"wp","href":"https:\/\/api.w.org\/{rel}","templated":true}]}}