{"id":857,"date":"2014-01-27T11:21:57","date_gmt":"2014-01-27T11:21:57","guid":{"rendered":"http:\/\/www.jetztzeichensetzen.at\/?page_id=857"},"modified":"2014-01-27T11:21:57","modified_gmt":"2014-01-27T11:21:57","slug":"pressemappe","status":"publish","type":"page","link":"http:\/\/www.jetztzeichensetzen.at\/?page_id=857","title":{"rendered":"Pressemappe"},"content":{"rendered":"<p><strong>Akademikerball: &#8222;Jetzt Zeichen setzen&#8220; kritisiert Platzverbot scharf<\/strong><\/p>\n<p>Utl.: B\u00fcndnis lehnt von Polizei angebotenen Alternativ-Ort f\u00fcr Kundgebung wegen &#8222;Sicherheitsbedenken&#8220; ab<\/p>\n<p>Wien (APA) &#8211; Das B\u00fcndnis &#8222;Jetzt Zeichen setzen!&#8220; hat am Donnerstag scharfe Kritik am weitl\u00e4ufigen Platzverbot rund um die Wiener Hofburg anl\u00e4sslich des &#8222;Akademikerballs&#8220; am Freitag ge\u00fcbt &#8211; sowie an der damit einhergehenden polizeiliche Untersagung der vom B\u00fcndnis geplanten Kundgebung. Die von den Beh\u00f6rden angebotenen Alternativ-Orte f\u00fcr eine Versammlung lehnten die Organisatoren wegen Sicherheitsbedenken ab.<\/p>\n<p>Die Vertreter von &#8222;Jetzt Zeichen setzen!&#8220; pr\u00e4sentierten bei einer Pressekonferenz am Donnerstag den von der Wiener Polizei erlassenen Bescheid, wonach die f\u00fcr Freitag angezeigte Versammlung mit dem Titel &#8222;Kein Europa dem Rechtsextremismus&#8220; am Heldenplatz untersagt wird. Begr\u00fcndet wird dies damit, dass das Platzverbot (das aufgrund der zu erwartenden Proteste gegen den von der Wiener FP\u00d6 veranstalteten Akademikerball erlassen worden ist) den gesamten Heldenplatz umfasse &#8211; und die Versammlungsteilnehmer von diesem Verbot nicht ausgenommen seien.<\/p>\n<p>Die Veranstalter lehnten die von der Polizei als Alternativen vorgeschlagenen Versammlungsorte wegen Sicherheitsbedenken ab. Der angebotene Kohlmarkt erscheine aufgrund der engen Gasse und der Tatsache, dass dieser wegen des Platzverbotes am Freitag zu einer Sackgasse wird, genauso wenig geeignet wie der Maria-Theresien-Platz. Auf letzterem ist n\u00e4mlich bereits eine Kundgebung der FP\u00d6 zur selben Zeit angemeldet.<\/p>\n<p>Das B\u00fcndnis &#8222;Jetzt Zeichen setzen!&#8220; wird nun am Freitag gar keine eigene Veranstaltung abhalten, sagte B\u00fcndnis-Sprecher Niki Kunrath von den Wiener Gr\u00fcnen. Wer demonstrieren will, k\u00f6nne sich einer der drei angemeldeten Demonstrationsz\u00fcge (die in Wien-Mitte bzw. beim Schottentor starten) anschlie\u00dfen, so der Gemeinderat.<\/p>\n<p>Viktoria Spielmann (Gr\u00fcne und Alternative StudentInnen\/GRAS) von der \u00d6H sprach angesichts des Verbots der Kundgebung von einer &#8222;bodenlosen Frechheit&#8220;. Auch verstehe sie nicht, wieso das Platzverbot &#8222;auf die halbe Innenstadt angewendet wird&#8220;. Dieses entbehre &#8222;jeder vern\u00fcnftigen Grundlage&#8220;. Man werde auch den Bescheid, der die Versammlung untersage, bis zu den H\u00f6chstgerichten bek\u00e4mpfen. Das von der Polizei ausgesprochene Vermummungsverbot f\u00fcr die Bezirke eins bis neun stellt f\u00fcr sie eine Ma\u00dfnahmen dar, &#8222;die schon einem Polizeistaat gleichkommt&#8220;.<\/p>\n<p>Kritik an dem ausgedehnten Platzverbot \u00fcbte auch Dora Schimanko, die als Kind vor den Nazis nach London geflohen war sowie der Filmemacher Fadian Eder, der angesichts des Balles von einer &#8222;antisemitischen Provokation&#8220; sprach. Auch Rudolf Sark\u00f6zi, Obmann des Kulturvereins \u00d6sterreichischer Roma, kritisierte die polizeilichen Ma\u00dfnahmen: Er k\u00f6nne sich nicht daran erinnern, dass er nach dem Attentat von Oberwart (Rohrbombenattentat durch Franz Fuchs 1995, Anm.) einen solchen Schutz genossen habe, wie die Besucher des Balles in der Hofburg.<\/p>\n<p>Kunrath meinte, das demokratische \u00d6sterreich werde vom Heldenplatz ausgesperrt, w\u00e4hrend die Ballbesucher mit dem Auto durch das Burgtor fahren d\u00fcrfen. Kritik \u00fcbte er auch an Elisabeth G\u00fcrtler sowie an Martin Schick, deren Unternehmen (Hotel Sacher bzw. Schick-Hotels Betriebs GmbH) zu den Gesellschaftern der Hofburg Betriebsges.m.b.H. geh\u00f6ren: Von diesen habe man &#8222;nicht irgendein Wort&#8220; zu der Causa geh\u00f6rt.<\/p>\n<p>(Schluss) hac\/jul <\/p>\n<p>APA0248 2014-01-23\/12:35<\/p>\n<p>231235 J\u00e4n 14<\/p>\n<p>Autor: hac\/jul <\/p>\n","protected":false},"excerpt":{"rendered":"<p>Akademikerball: \u201eJetzt Zeichen setzen\u201c kritisiert Platzverbot scharf Utl.: B\u00fcndnis lehnt von Polizei angebotenen Alternativ-Ort f\u00fcr Kundgebung wegen \u201eSicherheitsbedenken\u201c ab Wien (APA) \u2013 Das B\u00fcndnis \u201eJetzt Zeichen setzen!\u201c hat am Donnerstag scharfe Kritik am weitl\u00e4ufigen Platzverbot rund um die Wiener Hofburg anl\u00e4sslich des \u201eAkademikerballs\u201c am Freitag ge\u00fcbt \u2013 sowie an der damit einhergehenden polizeiliche Untersagung der [\u2026]<\/p>\n","protected":false},"author":1,"featured_media":0,"parent":0,"menu_order":0,"comment_status":"closed","ping_status":"closed","template":"","meta":[],"_links":{"self":[{"href":"http:\/\/www.jetztzeichensetzen.at\/index.php?rest_route=\/wp\/v2\/pages\/857"}],"collection":[{"href":"http:\/\/www.jetztzeichensetzen.at\/index.php?rest_route=\/wp\/v2\/pages"}],"about":[{"href":"http:\/\/www.jetztzeichensetzen.at\/index.php?rest_route=\/wp\/v2\/types\/page"}],"author":[{"embeddable":true,"href":"http:\/\/www.jetztzeichensetzen.at\/index.php?rest_route=\/wp\/v2\/users\/1"}],"replies":[{"embeddable":true,"href":"http:\/\/www.jetztzeichensetzen.at\/index.php?rest_route=%2Fwp%2Fv2%2Fcomments&post=857"}],"version-history":[{"count":1,"href":"http:\/\/www.jetztzeichensetzen.at\/index.php?rest_route=\/wp\/v2\/pages\/857\/revisions"}],"predecessor-version":[{"id":864,"href":"http:\/\/www.jetztzeichensetzen.at\/index.php?rest_route=\/wp\/v2\/pages\/857\/revisions\/864"}],"wp:attachment":[{"href":"http:\/\/www.jetztzeichensetzen.at\/index.php?rest_route=%2Fwp%2Fv2%2Fmedia&parent=857"}],"curies":[{"name":"wp","href":"https:\/\/api.w.org\/{rel}","templated":true}]}}