{"id":868,"date":"2014-05-31T18:42:07","date_gmt":"2014-05-31T18:42:07","guid":{"rendered":"http:\/\/www.jetztzeichensetzen.at\/?page_id=868"},"modified":"2014-06-02T09:18:09","modified_gmt":"2014-06-02T09:18:09","slug":"4-juni-orte-der-aufklarung","status":"publish","type":"page","link":"http:\/\/www.jetztzeichensetzen.at\/?page_id=868","title":{"rendered":"4. Juni Orte der Aufkl\u00e4rung"},"content":{"rendered":"<p><\/p>\n<p style=\"text-align: center;\"><b>Jetzt Zeichen setzen!<\/b><\/p>\n<p><b>4. Juni \u00a0Orte der Aufkl\u00e4rung<\/p>\n<p><\/b><br \/>\n<br \/>Am 4. Juni ziehen deutsch-nationale Burschenschafter unter dem Motto \u201eFest der Freiheit\u201c durch die Wiener Innenstadt. Diese Veranstaltung soll der Revolution von 1848 gedenken. Angemeldet wurde die Demonstration vom Verein \u201eForschungsgesellschaft Revolutionsjahr 1848\u201c. Das \u201eFest der Freiheit\u201c steht f\u00fcr den Versuch von Ewiggestrigen, die Geschehnisse des Revolutionsjahrs 1848 f\u00fcr ihre Zwecke umzudeuten und zu instrumentalisieren.<\/p>\n<p>Wir sehen dieser Verdrehung der Geschichte nicht tatenlos zu! Wir \u00fcberlassen die Deutungshoheit des Vergangen nicht den Ewiggestrigen! Deshalb schafft das zivilgesellschaftliche B\u00fcndnis \u201eJetzt Zeichen setzen\u201c (<a href=\"http:\/\/www.jetztzeichensetzen.at\">www.jetztzeichensetzen.at<\/a>), das sich aus \u00fcber 30 Organisationen zusammensetzt, an drei Standorten in Wien \u201eOrte der Aufkl\u00e4rung\u201c, um \u00fcber historische Hintergr\u00fcnde und Verdrehungsversuche zu informieren.<\/p>\n<p><b><i>Orte der Aufkl\u00e4rung \u2013 Wege zur Demokratie<\/i><\/b><\/p>\n<p>MORZINPLATZ 15.00 &#8211; 18.00 Uhr<\/p>\n<p>Am Morzinplatz stand das Hotel M\u00e9tropole, das 1938 von der Gestapo zu einem zentralen \u00a0Ort der Organisation der Verfolgung im Zuge des NS Terrors in Wien gemacht wurde. Dieser Ort erinnert uns nicht nur an die Opfer der Verfolgungen, sondern auch an die T\u00e4ter und jene, die aktive Rollen innerhalb des Regimes innehatten. Eine un\u00fcbersehbare Zahl von ihnen war vor 1938 in Burschenschaften organisiert.<br \/>\nWir stehen am Morzinplatz, um das Ablenkungsman\u00f6ver der Traditionslinie 1848 nicht zuzulassen und die Verstrickung der Burschenschaften in das NS System aufzuzeigen.<\/p>\n<p>&nbsp;<br \/>\n<br \/>STEPHANSPLATZ 15.00 &#8211; 18.00 Uhr<\/p>\n<p>Im Fr\u00fchling 1848 wurde die sog. \u201eSlawische Barrikade\u201c am Stephansplatz errichtet und die Wiener Innenstadt zu einem zentralen Ort der Revolution. Trotz der anf\u00e4nglichen Erfolge wurden die demokratischen Bestrebungen niedergeschlagen und in \u00d6sterreich zeichneten sich nur schwache Erfolge ab. Erst Jahre nach der gescheiterten Revolution wurden \u00a0die heute bekannten rechtsextremen Burschenschaften gegr\u00fcndet. Dass gerade Wiener Burschenschaften das Jahr 1848 feiern wollen, verdeutlicht: Sie sind um einen Deckmantel f\u00fcr ihre antisemitische, rassistische und sexistische Gesinnung und Geschichte bem\u00fcht.<\/p>\n<p>&nbsp;<br \/>\n<br \/>DENKMAL DER REPUBLIK 15.00 &#8211; 18.00 Uhr<\/p>\n<p>Das Denkmal der Republik wurde am 12. November 1928 \u2013 zum zehnten Jahrestag der Proklamierung der demokratischen Republik \u2013 enth\u00fcllt. In dieser Zeit trugen deutsch-nationale Burschenschaften, die explizit als Hakenkreuzler und Nationalsozialisten auftraten, bereits zur Radikalisierung und zu militantem Antisemitismus bei. Die deutsch-nationalen Burschenschaften sind bem\u00fcht ihre Rolle und Verantwortung auf dem Weg \u00d6sterreichs in den Nationalsozialismus zu verdecken. Doch bevor die \u00f6sterreichischen Burschenschaften 1938 beh\u00f6rdlich aufgel\u00f6st wurden, gliederten sich in den Nationalsozialistischen Deutschen Studentenbund ein. Diese ungebrochene Kontinuit\u00e4t gilt es zu benennen.<\/p>\n<p><b><i>Geschichtsrevisionismus \u201eleicht gemacht\u201c: <\/i><\/b><b><i>Das <\/i><\/b><b><i>\u201e<\/i><\/b><b><i>Fest<\/i><\/b><b><i> der Freiheit\u201c<\/i><\/b><\/p>\n<p>Der gemeinhin als \u201eb\u00fcrgerliche Revolution\u201c dargestellte Aufstand war ein anfangs breiter gesellschaftlicher Protest gegen die absolutistisch herrschenden Monarchen. Die Revolution von 1848 war ein bedeutender Moment im Prozess hin zur Ersten Republik 70 Jahre danach.<br \/>\nImmer wieder stellen sich deutsch-v\u00f6lkische Burschenschaften und burschenschaftsnahe Organisationen in die historische Tradition von 1848, auch wenn viele von ihnen erst Jahre oder Jahrzehnte danach gegr\u00fcndet wurden. Durch ihren Geschichtsrevisionismus m\u00f6chten sie ihre Funktion als Sammelbecken der Rechtsextremen unter dem Schleier der \u201atoleranten Urdemokraten\u2018 verh\u00fcllen. Dabei versuchen sie auch ihr rechtsextremes Wertesystem \u00fcber Begriffe wie \u201eFreiheit\u201c zu legitimieren und eine \u00f6ffentliche Akzeptanz zu erlangen.<\/p>\n<p>Doch die Demokratisierung der Gesellschaft hin zum heutigen Parlamentarismus war ein komplexer, durch viele AkteurInnen gepr\u00e4gter Prozess. Ebenso ist die Revolution von 1848 vielf\u00e4ltiger gewesen als von den Ewiggestrigen dargestellt. Die erste Phase der Revolution war noch von einem ,klassen\u00fcbergreifenden\u2018 Charakter gekennzeichnet. Doch der vermeintliche Konsens zerbrach und so er\u00f6ffnete die b\u00fcrgerliche Nationalgarde, in deren Tradition sich die Burschenschaften stellen, w\u00e4hrend der \u201aPraterschlacht\u2018 in Wien das Feuer auf demonstrierende ArbeiterInnen. Auch wurden die Emanzipationsbewegungen politisch agierender Frauen bel\u00e4chelt, eingeschr\u00e4nkt und verboten. Zugleich war der Antisemitismus schon 1848 innerhalb jener Gruppen, als deren Nachfolger sich die Burschenschaften heute sehen, vorhanden. Insbesondere nach der gescheiterten Revolution erlangte der Antisemitismus immer gr\u00f6\u00dferer Bedeutung \u2013 Aspekte, die der rechte Geschichtsrevisionismus verschweigt oder verdreht.<\/p>\n<p>Wir k\u00f6nnen und werden au\u00dferdem nicht vergessen, welche Rolle die deutsch-nationalen Burschenschaften vom Ende des 19. Jahrhunderts bis in die Zeitgeschichte hatten: Sexismus, Rassismus und Antisemitismus pr\u00e4g(t)en ihr Handeln. Viele von ihnen wurden zu Akteuren im nationalsozialistischen Regime. So ist eine glaubhafte und vollst\u00e4ndige Abgrenzung zum Nationalsozialismus angesichts der inhaltlichen, personellen und institutionellen Schnittmengen nicht m\u00f6glich.<\/p>\n<p>\u201eJetzt Zeichen setzen\u201c tritt aktiv gegen eine Umdeutung der Aufkl\u00e4rung, gegen eine rechtsextreme Interpretation demokratischer Werte und gegen die Ausgrenzungsideen in \u201afreiheitlichen Phrasen\u2018 auf.<\/p>\n<p>&nbsp;<br \/>\n<br \/><b><i>Wer wir sind:<\/i><\/b><\/p>\n<p>\u201eJetzt Zeichen setzen\u201c macht sich f\u00fcr die Erinnerung an die Opfer des Nationalsozialismus, gegen rassistisches, antisemitisches und sexistisches Gedankengut, gegen rechte Hetze und gegen Diskriminierung und Gewalt stark. Wir sind ein zivilgesellschaftliches B\u00fcndnis aus \u00fcber 30 Organisationen, das die Gefahr von Rechts thematisiert und mit inhaltlicher Auseinandersetzung aufkl\u00e4ren m\u00f6chte.<\/p>\n<p>&nbsp;<\/p>\n","protected":false},"excerpt":{"rendered":"<p>Jetzt Zeichen setzen! 4. Juni \u00a0Orte der Aufkl\u00e4rung Am 4. Juni ziehen deutsch-nationale Burschenschafter unter dem Motto \u201eFest der Freiheit\u201c durch die Wiener Innenstadt. Diese Veranstaltung soll der Revolution von 1848 gedenken. Angemeldet wurde die Demonstration vom Verein \u201eForschungsgesellschaft Revolutionsjahr 1848\u201c. Das \u201eFest der Freiheit\u201c steht f\u00fcr den Versuch von Ewiggestrigen, die Geschehnisse des Revolutionsjahrs [\u2026]<\/p>\n","protected":false},"author":1,"featured_media":0,"parent":0,"menu_order":0,"comment_status":"closed","ping_status":"closed","template":"","meta":[],"_links":{"self":[{"href":"http:\/\/www.jetztzeichensetzen.at\/index.php?rest_route=\/wp\/v2\/pages\/868"}],"collection":[{"href":"http:\/\/www.jetztzeichensetzen.at\/index.php?rest_route=\/wp\/v2\/pages"}],"about":[{"href":"http:\/\/www.jetztzeichensetzen.at\/index.php?rest_route=\/wp\/v2\/types\/page"}],"author":[{"embeddable":true,"href":"http:\/\/www.jetztzeichensetzen.at\/index.php?rest_route=\/wp\/v2\/users\/1"}],"replies":[{"embeddable":true,"href":"http:\/\/www.jetztzeichensetzen.at\/index.php?rest_route=%2Fwp%2Fv2%2Fcomments&post=868"}],"version-history":[{"count":15,"href":"http:\/\/www.jetztzeichensetzen.at\/index.php?rest_route=\/wp\/v2\/pages\/868\/revisions"}],"predecessor-version":[{"id":891,"href":"http:\/\/www.jetztzeichensetzen.at\/index.php?rest_route=\/wp\/v2\/pages\/868\/revisions\/891"}],"wp:attachment":[{"href":"http:\/\/www.jetztzeichensetzen.at\/index.php?rest_route=%2Fwp%2Fv2%2Fmedia&parent=868"}],"curies":[{"name":"wp","href":"https:\/\/api.w.org\/{rel}","templated":true}]}}

4. Juni Orte der Aufklärung

<p></p>
<p style="text-align: center;"><b>Jetzt Zeichen setzen!</b></p>
<p><b>4. Juni  Orte der Aufklärung</p>
<p></b><br />
<br />Am 4. Juni ziehen deutsch-nationale Burschenschafter unter dem Motto „Fest der Freiheit“ durch die Wiener Innenstadt. Diese Veranstaltung soll der Revolution von 1848 gedenken. Angemeldet wurde die Demonstration vom Verein „Forschungsgesellschaft Revolutionsjahr 1848“. Das „Fest der Freiheit“ steht für den Versuch von Ewiggestrigen, die Geschehnisse des Revolutionsjahrs 1848 für ihre Zwecke umzudeuten und zu instrumentalisieren.</p>
<p>Wir sehen dieser Verdrehung der Geschichte nicht tatenlos zu! Wir überlassen die Deutungshoheit des Vergangen nicht den Ewiggestrigen! Deshalb schafft das zivilgesellschaftliche Bündnis „Jetzt Zeichen setzen“ (<a href="http://www.jetztzeichensetzen.at">www.jetztzeichensetzen.at</a>), das sich aus über 30 Organisationen zusammensetzt, an drei Standorten in Wien „Orte der Aufklärung“, um über historische Hintergründe und Verdrehungsversuche zu informieren.</p>
<p><b><i>Orte der Aufklärung – Wege zur Demokratie</i></b></p>
<p>MORZINPLATZ 15.00 &#8211; 18.00 Uhr</p>
<p>Am Morzinplatz stand das Hotel Métropole, das 1938 von der Gestapo zu einem zentralen  Ort der Organisation der Verfolgung im Zuge des NS Terrors in Wien gemacht wurde. Dieser Ort erinnert uns nicht nur an die Opfer der Verfolgungen, sondern auch an die Täter und jene, die aktive Rollen innerhalb des Regimes innehatten. Eine unübersehbare Zahl von ihnen war vor 1938 in Burschenschaften organisiert.<br />
Wir stehen am Morzinplatz, um das Ablenkungsmanöver der Traditionslinie 1848 nicht zuzulassen und die Verstrickung der Burschenschaften in das NS System aufzuzeigen.</p>
<p>&nbsp;<br />
<br />STEPHANSPLATZ 15.00 &#8211; 18.00 Uhr</p>
<p>Im Frühling 1848 wurde die sog. „Slawische Barrikade“ am Stephansplatz errichtet und die Wiener Innenstadt zu einem zentralen Ort der Revolution. Trotz der anfänglichen Erfolge wurden die demokratischen Bestrebungen niedergeschlagen und in Österreich zeichneten sich nur schwache Erfolge ab. Erst Jahre nach der gescheiterten Revolution wurden  die heute bekannten rechtsextremen Burschenschaften gegründet. Dass gerade Wiener Burschenschaften das Jahr 1848 feiern wollen, verdeutlicht: Sie sind um einen Deckmantel für ihre antisemitische, rassistische und sexistische Gesinnung und Geschichte bemüht.</p>
<p>&nbsp;<br />
<br />DENKMAL DER REPUBLIK 15.00 &#8211; 18.00 Uhr</p>
<p>Das Denkmal der Republik wurde am 12. November 1928 – zum zehnten Jahrestag der Proklamierung der demokratischen Republik – enthüllt. In dieser Zeit trugen deutsch-nationale Burschenschaften, die explizit als Hakenkreuzler und Nationalsozialisten auftraten, bereits zur Radikalisierung und zu militantem Antisemitismus bei. Die deutsch-nationalen Burschenschaften sind bemüht ihre Rolle und Verantwortung auf dem Weg Österreichs in den Nationalsozialismus zu verdecken. Doch bevor die österreichischen Burschenschaften 1938 behördlich aufgelöst wurden, gliederten sich in den Nationalsozialistischen Deutschen Studentenbund ein. Diese ungebrochene Kontinuität gilt es zu benennen.</p>
<p><b><i>Geschichtsrevisionismus „leicht gemacht“: </i></b><b><i>Das </i></b><b><i>„</i></b><b><i>Fest</i></b><b><i> der Freiheit“</i></b></p>
<p>Der gemeinhin als „bürgerliche Revolution“ dargestellte Aufstand war ein anfangs breiter gesellschaftlicher Protest gegen die absolutistisch herrschenden Monarchen. Die Revolution von 1848 war ein bedeutender Moment im Prozess hin zur Ersten Republik 70 Jahre danach.<br />
Immer wieder stellen sich deutsch-völkische Burschenschaften und burschenschaftsnahe Organisationen in die historische Tradition von 1848, auch wenn viele von ihnen erst Jahre oder Jahrzehnte danach gegründet wurden. Durch ihren Geschichtsrevisionismus möchten sie ihre Funktion als Sammelbecken der Rechtsextremen unter dem Schleier der ‚toleranten Urdemokraten‘ verhüllen. Dabei versuchen sie auch ihr rechtsextremes Wertesystem über Begriffe wie „Freiheit“ zu legitimieren und eine öffentliche Akzeptanz zu erlangen.</p>
<p>Doch die Demokratisierung der Gesellschaft hin zum heutigen Parlamentarismus war ein komplexer, durch viele AkteurInnen geprägter Prozess. Ebenso ist die Revolution von 1848 vielfältiger gewesen als von den Ewiggestrigen dargestellt. Die erste Phase der Revolution war noch von einem ,klassenübergreifenden‘ Charakter gekennzeichnet. Doch der vermeintliche Konsens zerbrach und so eröffnete die bürgerliche Nationalgarde, in deren Tradition sich die Burschenschaften stellen, während der ‚Praterschlacht‘ in Wien das Feuer auf demonstrierende ArbeiterInnen. Auch wurden die Emanzipationsbewegungen politisch agierender Frauen belächelt, eingeschränkt und verboten. Zugleich war der Antisemitismus schon 1848 innerhalb jener Gruppen, als deren Nachfolger sich die Burschenschaften heute sehen, vorhanden. Insbesondere nach der gescheiterten Revolution erlangte der Antisemitismus immer größerer Bedeutung – Aspekte, die der rechte Geschichtsrevisionismus verschweigt oder verdreht.</p>
<p>Wir können und werden außerdem nicht vergessen, welche Rolle die deutsch-nationalen Burschenschaften vom Ende des 19. Jahrhunderts bis in die Zeitgeschichte hatten: Sexismus, Rassismus und Antisemitismus präg(t)en ihr Handeln. Viele von ihnen wurden zu Akteuren im nationalsozialistischen Regime. So ist eine glaubhafte und vollständige Abgrenzung zum Nationalsozialismus angesichts der inhaltlichen, personellen und institutionellen Schnittmengen nicht möglich.</p>
<p>„Jetzt Zeichen setzen“ tritt aktiv gegen eine Umdeutung der Aufklärung, gegen eine rechtsextreme Interpretation demokratischer Werte und gegen die Ausgrenzungsideen in ‚freiheitlichen Phrasen‘ auf.</p>
<p>&nbsp;<br />
<br /><b><i>Wer wir sind:</i></b></p>
<p>„Jetzt Zeichen setzen“ macht sich für die Erinnerung an die Opfer des Nationalsozialismus, gegen rassistisches, antisemitisches und sexistisches Gedankengut, gegen rechte Hetze und gegen Diskriminierung und Gewalt stark. Wir sind ein zivilgesellschaftliches Bündnis aus über 30 Organisationen, das die Gefahr von Rechts thematisiert und mit inhaltlicher Auseinandersetzung aufklären möchte.</p>
<p>&nbsp;</p>

<p>Jetzt Zeichen setzen! 4. Juni  Orte der Aufklärung Am 4. Juni ziehen deutsch-nationale Burschenschafter unter dem Motto „Fest der Freiheit“ durch die Wiener Innenstadt. Diese Veranstaltung soll der Revolution von 1848 gedenken. Angemeldet wurde die Demonstration vom Verein „Forschungsgesellschaft Revolutionsjahr 1848“. Das „Fest der Freiheit“ steht für den Versuch von Ewiggestrigen, die Geschehnisse des Revolutionsjahrs […]</p>
