{"id":924,"date":"2015-01-13T16:46:33","date_gmt":"2015-01-13T16:46:33","guid":{"rendered":"http:\/\/www.jetztzeichensetzen.at\/?page_id=924"},"modified":"2015-01-26T10:20:10","modified_gmt":"2015-01-26T10:20:10","slug":"unterstutzerinnen-fur-den-27-janner-2015","status":"publish","type":"page","link":"http:\/\/www.jetztzeichensetzen.at\/?page_id=924","title":{"rendered":"Unterst\u00fctzerInnen f\u00fcr den 27. J\u00e4nner 2015"},"content":{"rendered":"<p><strong>Unterst\u00fctzerInnen f\u00fcr die Gedenkveranstaltung am 27. J\u00e4nner 2015<br \/>\n<\/strong><\/p>\n<p> Asyl in Not + AUGE\/UG &#8211; Alternative und Gr\u00fcne GewerkschafterInnen\/Unabh\u00e4ngige GewerkschafterInnen + Bundesjugendvertretung &#8211; BJV + Bund Sozialdemokratischer AkademikerInnen, Intellektueller K\u00fcnstlerInnen &#8211; BSA + Bund Sozialdemokratischer Freiheitsk\u00e4mpfer\/innen, Opfer des Faschismus und aktiver Antifaschist\/inn\/en + DAS B\u00dcNDNIS f\u00fcr Menschenrechte &#038; Zivilcourage &#8211; gegen Diskriminierung &#038; Extremismus + Die Gr\u00fcnen + Die Gr\u00fcnen Frauen + Die Gr\u00fcnen Wien + Die Jungen Gr\u00fcnen + Doron Rabinovici + Fraktion Sozialdemokratischer GewerkschafterInnen Wien &#8211; FSG Wien + Gesellschaft f\u00fcr politische Aufkl\u00e4rung + GLB &#8211; Gewerkschaftlicher Linksblock im \u00d6BG + GPA-djp Jugend + Gr\u00fcne Bildungswerkstatt (GBW) Minderheiten + GRAS &#8211; Gr\u00fcne und Alternative StudentInnen + Gr\u00fcne SeniorInnen Wien + IKG &#8211; Israelitische Kultusgemeinde + Initiative Liberaler Muslime \u00d6sterreich &#8211; ILM\u00d6 + Junge Generation in der SP\u00d6 + Katharina Stemberger + Koordinierungsausschuss f\u00fcr christlich-j\u00fcdische Zusammenarbeit + KP\u00d6 &#8211; Kommunistische Partei \u00d6sterreich + KZ-Vereinigung Buchenwald + Landesverband Nieder\u00f6sterreich \u00f6sterreichischer AntifaschistInnen, Widerstandsk\u00e4mpferInnen und Opfer des Faschismus (KZ-Verband VdA N\u00d6) + Literaturhaus Wien + Martin J\u00e4ggle + Mauthausen Komitee \u00d6sterreich + O\u00d6. Netzwerk gegen Rassismus und Rechtsextremismus + \u00d6kumenischer Rat der Kirchen + \u00d6sterreichischer Gewerkschaftsbund &#8211; \u00d6GB + \u00d6sterreichische Gewerkschaftsjugend &#8211; \u00d6GJ + \u00d6sterreichische Hochsch\u00fclerInnenschaft &#8211; \u00d6H Bundesvertretung + \u00d6H Universit\u00e4t Wien + \u00d6sterreichisch-Israelische Gesellschaft + \u00d6sterreichische Lagergemeinschaft Ravensbr\u00fcck und FreundInnen + Republikanischer Club &#8211; Neues \u00d6sterreich + SJ\u00d6 + SJ\u00d6-Wien + SOS Mitmensch + SP\u00d6 + SP\u00d6 Frauen + SP\u00d6-Wien + SP\u00d6 Wiener Bildung + Verein GEDENKDIENST + Verein Integrationshaus + Volkshilfe \u00d6sterreich + VSST\u00d6 + Zara &#8211; Verein f\u00fcr Zivilcourage und Antirassismus + Wiener KZ-Verband + ZPC-Loge der B&#8217;nai B&#8217;rith<\/p>\n","protected":false},"excerpt":{"rendered":"<p>Unterst\u00fctzerInnen f\u00fcr die Gedenkveranstaltung am 27. J\u00e4nner 2015 Asyl in Not + AUGE\/UG \u2013 Alternative und Gr\u00fcne GewerkschafterInnen\/Unabh\u00e4ngige GewerkschafterInnen + Bundesjugendvertretung \u2013 BJV + Bund Sozialdemokratischer AkademikerInnen, Intellektueller K\u00fcnstlerInnen \u2013 BSA + Bund Sozialdemokratischer Freiheitsk\u00e4mpfer\/innen, Opfer des Faschismus und aktiver Antifaschist\/inn\/en + DAS B\u00dcNDNIS f\u00fcr Menschenrechte &amp; Zivilcourage \u2013 gegen Diskriminierung &amp; Extremismus + Die [\u2026]<\/p>\n","protected":false},"author":1,"featured_media":0,"parent":0,"menu_order":0,"comment_status":"closed","ping_status":"closed","template":"","meta":[],"_links":{"self":[{"href":"http:\/\/www.jetztzeichensetzen.at\/index.php?rest_route=\/wp\/v2\/pages\/924"}],"collection":[{"href":"http:\/\/www.jetztzeichensetzen.at\/index.php?rest_route=\/wp\/v2\/pages"}],"about":[{"href":"http:\/\/www.jetztzeichensetzen.at\/index.php?rest_route=\/wp\/v2\/types\/page"}],"author":[{"embeddable":true,"href":"http:\/\/www.jetztzeichensetzen.at\/index.php?rest_route=\/wp\/v2\/users\/1"}],"replies":[{"embeddable":true,"href":"http:\/\/www.jetztzeichensetzen.at\/index.php?rest_route=%2Fwp%2Fv2%2Fcomments&post=924"}],"version-history":[{"count":13,"href":"http:\/\/www.jetztzeichensetzen.at\/index.php?rest_route=\/wp\/v2\/pages\/924\/revisions"}],"predecessor-version":[{"id":989,"href":"http:\/\/www.jetztzeichensetzen.at\/index.php?rest_route=\/wp\/v2\/pages\/924\/revisions\/989"}],"wp:attachment":[{"href":"http:\/\/www.jetztzeichensetzen.at\/index.php?rest_route=%2Fwp%2Fv2%2Fmedia&parent=924"}],"curies":[{"name":"wp","href":"https:\/\/api.w.org\/{rel}","templated":true}]}}

UnterstützerInnen für den 27. Jänner 2015

<p><strong>UnterstützerInnen für die Gedenkveranstaltung am 27. Jänner 2015<br />
</strong></p>
<p> Asyl in Not + AUGE/UG &#8211; Alternative und Grüne GewerkschafterInnen/Unabhängige GewerkschafterInnen + Bundesjugendvertretung &#8211; BJV + Bund Sozialdemokratischer AkademikerInnen, Intellektueller KünstlerInnen &#8211; BSA + Bund Sozialdemokratischer Freiheitskämpfer/innen, Opfer des Faschismus und aktiver Antifaschist/inn/en + DAS BÜNDNIS für Menschenrechte &#038; Zivilcourage &#8211; gegen Diskriminierung &#038; Extremismus + Die Grünen + Die Grünen Frauen + Die Grünen Wien + Die Jungen Grünen + Doron Rabinovici + Fraktion Sozialdemokratischer GewerkschafterInnen Wien &#8211; FSG Wien + Gesellschaft für politische Aufklärung + GLB &#8211; Gewerkschaftlicher Linksblock im ÖBG + GPA-djp Jugend + Grüne Bildungswerkstatt (GBW) Minderheiten + GRAS &#8211; Grüne und Alternative StudentInnen + Grüne SeniorInnen Wien + IKG &#8211; Israelitische Kultusgemeinde + Initiative Liberaler Muslime Österreich &#8211; ILMÖ + Junge Generation in der SPÖ + Katharina Stemberger + Koordinierungsausschuss für christlich-jüdische Zusammenarbeit + KPÖ &#8211; Kommunistische Partei Österreich + KZ-Vereinigung Buchenwald + Landesverband Niederösterreich österreichischer AntifaschistInnen, WiderstandskämpferInnen und Opfer des Faschismus (KZ-Verband VdA NÖ) + Literaturhaus Wien + Martin Jäggle + Mauthausen Komitee Österreich + OÖ. Netzwerk gegen Rassismus und Rechtsextremismus + Ökumenischer Rat der Kirchen + Österreichischer Gewerkschaftsbund &#8211; ÖGB + Österreichische Gewerkschaftsjugend &#8211; ÖGJ + Österreichische HochschülerInnenschaft &#8211; ÖH Bundesvertretung + ÖH Universität Wien + Österreichisch-Israelische Gesellschaft + Österreichische Lagergemeinschaft Ravensbrück und FreundInnen + Republikanischer Club &#8211; Neues Österreich + SJÖ + SJÖ-Wien + SOS Mitmensch + SPÖ + SPÖ Frauen + SPÖ-Wien + SPÖ Wiener Bildung + Verein GEDENKDIENST + Verein Integrationshaus + Volkshilfe Österreich + VSSTÖ + Zara &#8211; Verein für Zivilcourage und Antirassismus + Wiener KZ-Verband + ZPC-Loge der B&#8217;nai B&#8217;rith</p>

<p>UnterstützerInnen für die Gedenkveranstaltung am 27. Jänner 2015 Asyl in Not + AUGE/UG – Alternative und Grüne GewerkschafterInnen/Unabhängige GewerkschafterInnen + Bundesjugendvertretung – BJV + Bund Sozialdemokratischer AkademikerInnen, Intellektueller KünstlerInnen – BSA + Bund Sozialdemokratischer Freiheitskämpfer/innen, Opfer des Faschismus und aktiver Antifaschist/inn/en + DAS BÜNDNIS für Menschenrechte &amp; Zivilcourage – gegen Diskriminierung &amp; Extremismus + Die […]</p>
